CRAN Package Check Results for Package SEset

Last updated on 2025-05-15 07:49:52 CEST.

Flavor Version Tinstall Tcheck Ttotal Status Flags
r-devel-linux-x86_64-debian-clang 1.0.1 1.83 33.18 35.01 NOTE
r-devel-linux-x86_64-debian-gcc 1.0.1 1.66 25.64 27.30 NOTE
r-devel-linux-x86_64-fedora-clang 1.0.1 53.72 NOTE
r-devel-linux-x86_64-fedora-gcc 1.0.1 51.04 NOTE
r-devel-windows-x86_64 1.0.1 3.00 58.00 61.00 NOTE
r-patched-linux-x86_64 1.0.1 2.23 30.67 32.90 NOTE
r-release-linux-x86_64 1.0.1 1.41 30.44 31.85 NOTE
r-release-macos-arm64 1.0.1 NOTE
r-release-macos-x86_64 1.0.1 34.00 NOTE
r-release-windows-x86_64 1.0.1 3.00 60.00 63.00 NOTE
r-oldrel-macos-arm64 1.0.1 21.00 NOTE
r-oldrel-macos-x86_64 1.0.1 30.00 NOTE
r-oldrel-windows-x86_64 1.0.1 4.00 65.00 69.00 NOTE

Check Details

Version: 1.0.1
Check: CRAN incoming feasibility
Result: NOTE Maintainer: ‘Oisín Ryan <o.ryan@uu.nl>’ No Authors@R field in DESCRIPTION. Please add one, modifying Authors@R: person(given = "Oisín", family = "Ryan", role = c("aut", "cre"), email = "o.ryan@uu.nl") as necessary. The BugReports field in DESCRIPTION has https://github.com/ryanoisin/SEset which should likely be https://github.com/ryanoisin/SEset/issues instead. Flavors: r-devel-linux-x86_64-debian-clang, r-devel-linux-x86_64-debian-gcc

Version: 1.0.1
Check: Rd files
Result: NOTE checkRd: (-1) SEset_to_network.Rd:50: Escaped LaTeX specials: \& checkRd: (-1) network_to_SEset.Rd:72: Escaped LaTeX specials: \& checkRd: (-1) network_to_path.Rd:50: Escaped LaTeX specials: \& checkRd: (-1) path_to_network.Rd:29: Escaped LaTeX specials: \& Flavors: r-devel-linux-x86_64-debian-clang, r-devel-linux-x86_64-debian-gcc, r-devel-linux-x86_64-fedora-clang, r-devel-linux-x86_64-fedora-gcc, r-devel-windows-x86_64, r-patched-linux-x86_64, r-release-linux-x86_64, r-release-macos-arm64, r-release-macos-x86_64, r-release-windows-x86_64, r-oldrel-macos-arm64, r-oldrel-macos-x86_64, r-oldrel-windows-x86_64

These binaries (installable software) and packages are in development.
They may not be fully stable and should be used with caution. We make no claims about them.
Health stats visible at Monitor.