CRAN Package Check Results for Package SEMdeep

Last updated on 2025-07-12 15:49:26 CEST.

Flavor Version Tinstall Tcheck Ttotal Status Flags
r-devel-linux-x86_64-debian-clang 1.0.0 17.23 8.63 25.86 ERROR
r-devel-linux-x86_64-debian-gcc 1.0.0 11.06 102.07 113.13 OK
r-devel-linux-x86_64-fedora-clang 1.0.0 252.47 OK
r-devel-linux-x86_64-fedora-gcc 1.0.0 242.69 OK
r-devel-windows-x86_64 1.0.0 18.00 142.00 160.00 OK
r-patched-linux-x86_64 1.0.0 16.95 6.83 23.78 ERROR
r-release-linux-x86_64 1.0.0 17.20 6.85 24.05 ERROR
r-release-macos-arm64 1.0.0 79.00 OK
r-release-macos-x86_64 1.0.0 73.00 OK
r-release-windows-x86_64 1.0.0 21.00 142.00 163.00 OK
r-oldrel-macos-arm64 1.0.0 60.00 OK
r-oldrel-macos-x86_64 1.0.0 101.00 OK
r-oldrel-windows-x86_64 1.0.0 24.00 185.00 209.00 OK

Check Details

Version: 1.0.0
Check: whether the package can be loaded
Result: ERROR Loading this package had a fatal error status code 1 Loading log: Loading required package: SEMgraph Loading required package: igraph Attaching package: ‘igraph’ The following objects are masked from ‘package:stats’: decompose, spectrum The following object is masked from ‘package:base’: union Loading required package: lavaan This is lavaan 0.6-19 lavaan is FREE software! Please report any bugs. Attaching package: ‘SEMgraph’ The following object is masked from ‘package:lavaan’: parameterEstimates Error: package or namespace load failed for ‘SEMdeep’: .onLoad failed in loadNamespace() for 'torch', details: call: inst_path() error: torch cannot write into '/home/hornik/tmp/R.check/r-devel-clang/Work/build/Packages/torch/'. Execution halted Flavor: r-devel-linux-x86_64-debian-clang

Version: 1.0.0
Check: whether the package can be loaded
Result: ERROR Loading this package had a fatal error status code 1 Loading log: Loading required package: SEMgraph Loading required package: igraph Attaching package: ‘igraph’ The following objects are masked from ‘package:stats’: decompose, spectrum The following object is masked from ‘package:base’: union Loading required package: lavaan This is lavaan 0.6-19 lavaan is FREE software! Please report any bugs. Attaching package: ‘SEMgraph’ The following object is masked from ‘package:lavaan’: parameterEstimates Error: package or namespace load failed for ‘SEMdeep’: .onLoad failed in loadNamespace() for 'torch', details: call: inst_path() error: torch cannot write into '/home/hornik/tmp/R.check/r-patched-gcc/Work/build/Packages/torch/'. Execution halted Flavor: r-patched-linux-x86_64

Version: 1.0.0
Check: whether the package can be loaded
Result: ERROR Loading this package had a fatal error status code 1 Loading log: Loading required package: SEMgraph Loading required package: igraph Attaching package: ‘igraph’ The following objects are masked from ‘package:stats’: decompose, spectrum The following object is masked from ‘package:base’: union Loading required package: lavaan This is lavaan 0.6-19 lavaan is FREE software! Please report any bugs. Attaching package: ‘SEMgraph’ The following object is masked from ‘package:lavaan’: parameterEstimates Error: package or namespace load failed for ‘SEMdeep’: .onLoad failed in loadNamespace() for 'torch', details: call: inst_path() error: torch cannot write into '/home/hornik/tmp/R.check/r-release-gcc/Work/build/Packages/torch/'. Execution halted Flavor: r-release-linux-x86_64

These binaries (installable software) and packages are in development.
They may not be fully stable and should be used with caution. We make no claims about them.
Health stats visible at Monitor.