CRAN Package Check Results for Package SEAGLE

Last updated on 2025-05-15 09:52:42 CEST.

Flavor Version Tinstall Tcheck Ttotal Status Flags
r-devel-linux-x86_64-debian-clang 1.0.1 6.48 209.02 215.50 NOTE
r-devel-linux-x86_64-debian-gcc 1.0.1 4.63 195.66 200.29 NOTE
r-devel-linux-x86_64-fedora-clang 1.0.1 342.68 OK
r-devel-linux-x86_64-fedora-gcc 1.0.1 375.56 OK
r-devel-windows-x86_64 1.0.1 7.00 262.00 269.00 OK
r-patched-linux-x86_64 1.0.1 6.74 301.34 308.08 OK
r-release-linux-x86_64 1.0.1 5.54 303.14 308.68 OK
r-release-macos-arm64 1.0.1 193.00 OK
r-release-macos-x86_64 1.0.1 362.00 OK
r-release-windows-x86_64 1.0.1 7.00 262.00 269.00 OK
r-oldrel-macos-arm64 1.0.1 161.00 OK
r-oldrel-macos-x86_64 1.0.1 247.00 OK
r-oldrel-windows-x86_64 1.0.1 10.00 366.00 376.00 OK

Check Details

Version: 1.0.1
Check: CRAN incoming feasibility
Result: NOTE Maintainer: ‘Jocelyn Chi <jocetchi@gmail.com>’ Package CITATION file contains call(s) to old-style citEntry(). Please use bibentry() instead. The Description field contains Hsiao, Lin, Wang, Lee, Lu, and Tzeng. (2021+) <arXiv:2105.03228>. Please refer to arXiv e-prints via their arXiv DOI <doi:10.48550/arXiv.YYMM.NNNNN>. Flavors: r-devel-linux-x86_64-debian-clang, r-devel-linux-x86_64-debian-gcc

These binaries (installable software) and packages are in development.
They may not be fully stable and should be used with caution. We make no claims about them.
Health stats visible at Monitor.