CRAN Package Check Results for Package SDT

Last updated on 2025-05-17 19:52:06 CEST.

Flavor Version Tinstall Tcheck Ttotal Status Flags
r-devel-linux-x86_64-debian-clang 1.0.0 1.97 22.32 24.29 NOTE
r-devel-linux-x86_64-debian-gcc 1.0.0 1.54 18.22 19.76 NOTE
r-devel-linux-x86_64-fedora-clang 1.0.0 38.37 OK
r-devel-linux-x86_64-fedora-gcc 1.0.0 37.15 OK
r-devel-windows-x86_64 1.0.0 3.00 44.00 47.00 OK
r-patched-linux-x86_64 1.0.0 2.30 21.42 23.72 OK
r-release-linux-x86_64 1.0.0 1.99 21.73 23.72 OK
r-release-macos-arm64 1.0.0 28.00 OK
r-release-macos-x86_64 1.0.0 26.00 OK
r-release-windows-x86_64 1.0.0 3.00 45.00 48.00 OK
r-oldrel-macos-arm64 1.0.0 16.00 OK
r-oldrel-macos-x86_64 1.0.0 22.00 OK
r-oldrel-windows-x86_64 1.0.0 3.00 43.00 46.00 OK

Check Details

Version: 1.0.0
Check: CRAN incoming feasibility
Result: NOTE Maintainer: ‘Ali Uenlue <ali.uenlue@icloud.com>’ Found the following URLs which should use \doi (with the DOI name only): File ‘SDT-package.Rd’: https://doi.org/10.1007/978-1-4899-2271-7 https://doi.org/10.1207/S15327965PLI1104_01 https://doi.org/10.3389/fpsyg.2016.00272 https://doi.org/10.2466/14.PR0.117c25z1 File ‘internalization.Rd’: https://doi.org/10.2466/14.PR0.117c25z1 File ‘plot.sdi.Rd’: https://doi.org/10.3389/fpsyg.2016.00272 File ‘plot.share.Rd’: https://doi.org/10.2466/14.PR0.117c25z1 File ‘print.sdi.Rd’: https://doi.org/10.3389/fpsyg.2016.00272 File ‘print.share.Rd’: https://doi.org/10.2466/14.PR0.117c25z1 File ‘sdi.Rd’: https://doi.org/10.3389/fpsyg.2016.00272 File ‘simplex.Rd’: https://doi.org/10.2466/14.PR0.117c25z1 File ‘summary.sdi.Rd’: https://doi.org/10.3389/fpsyg.2016.00272 Flavors: r-devel-linux-x86_64-debian-clang, r-devel-linux-x86_64-debian-gcc

These binaries (installable software) and packages are in development.
They may not be fully stable and should be used with caution. We make no claims about them.
Health stats visible at Monitor.