Last updated on 2025-05-17 09:49:23 CEST.
Flavor | Version | Tinstall | Tcheck | Ttotal | Status | Flags |
---|---|---|---|---|---|---|
r-devel-linux-x86_64-debian-clang | 1.0.9 | 12.60 | 273.65 | 286.25 | NOTE | |
r-devel-linux-x86_64-debian-gcc | 1.0.9 | 10.20 | 201.14 | 211.34 | NOTE | |
r-devel-linux-x86_64-fedora-clang | 1.0.9 | 468.54 | NOTE | |||
r-devel-linux-x86_64-fedora-gcc | 1.0.9 | 439.57 | NOTE | |||
r-devel-windows-x86_64 | 1.0.9 | 13.00 | 236.00 | 249.00 | NOTE | |
r-patched-linux-x86_64 | 1.0.9 | 12.77 | 249.15 | 261.92 | NOTE | |
r-release-linux-x86_64 | 1.0.9 | 13.10 | 250.11 | 263.21 | NOTE | |
r-release-macos-arm64 | 1.0.9 | 125.00 | NOTE | |||
r-release-macos-x86_64 | 1.0.9 | 237.00 | NOTE | |||
r-release-windows-x86_64 | 1.0.9 | 14.00 | 235.00 | 249.00 | NOTE | |
r-oldrel-macos-arm64 | 1.0.9 | 114.00 | NOTE | |||
r-oldrel-macos-x86_64 | 1.0.9 | 190.00 | NOTE | |||
r-oldrel-windows-x86_64 | 1.0.9 | 18.00 | 299.00 | 317.00 | NOTE |
Version: 1.0.9
Check: DESCRIPTION meta-information
Result: NOTE
Author field differs from that derived from Authors@R
Author: ‘Robrecht Cannoodt [aut, cre] (<https://orcid.org/0000-0003-3641-729X>, rcannood), Wouter Saelens [ctb] (<https://orcid.org/0000-0002-7114-6248>, zouter)’
Authors@R: ‘Robrecht Cannoodt [aut, cre] (ORCID: <https://orcid.org/0000-0003-3641-729X>, github: rcannood), Wouter Saelens [ctb] (ORCID: <https://orcid.org/0000-0002-7114-6248>, github: zouter)’
Flavors: r-devel-linux-x86_64-debian-clang, r-devel-linux-x86_64-debian-gcc
Version: 1.0.9
Check: Rd files
Result: NOTE
checkRd: (-1) reduce_dimensionality.Rd:19: Lost braces
19 | \item{ndim}{the maximum dimension of the space which the data are to be represented in; must be in {1, 2, \ldots, n-1}.}
| ^
checkRd: (-1) ti_scorpius.Rd:18: Lost braces; missing escapes or markup?
18 | \item{distance_method}{A character string indicating which correlationcoefficient (or covariance) is to be computed. One of "pearson", "spearman" (default), or "cosine". Domain: {spearman, pearson, cosine}. Default: spearman. Format: character.}
| ^
checkRd: (-1) ti_scorpius.Rd:30: Lost braces; missing escapes or markup?
30 | \item{smoother}{\code{principal_curve} parameter; choice of smoother. Domain: {smooth_spline, lowess, periodic_lowess}. Default: smooth_spline. Format: character.}
| ^
Flavors: r-devel-linux-x86_64-debian-clang, r-devel-linux-x86_64-debian-gcc, r-devel-linux-x86_64-fedora-clang, r-devel-linux-x86_64-fedora-gcc, r-devel-windows-x86_64, r-patched-linux-x86_64, r-release-linux-x86_64, r-release-macos-arm64, r-release-macos-x86_64, r-release-windows-x86_64, r-oldrel-macos-arm64, r-oldrel-macos-x86_64, r-oldrel-windows-x86_64
These binaries (installable software) and packages are in development.
They may not be fully stable and should be used with caution. We make no claims about them.
Health stats visible at Monitor.