Last updated on 2024-05-02 11:51:34 CEST.
Flavor | Version | Tinstall | Tcheck | Ttotal | Status | Flags |
---|---|---|---|---|---|---|
r-devel-linux-x86_64-debian-clang | 1.0.1 | 3.70 | 47.09 | 50.79 | NOTE | |
r-devel-linux-x86_64-debian-gcc | 1.0.1 | 2.63 | 33.16 | 35.79 | NOTE | |
r-devel-linux-x86_64-fedora-clang | 1.0.1 | 62.63 | NOTE | |||
r-devel-linux-x86_64-fedora-gcc | 1.0.1 | 59.63 | NOTE | |||
r-devel-windows-x86_64 | 1.0.1 | 4.00 | 51.00 | 55.00 | NOTE | |
r-patched-linux-x86_64 | 1.0.1 | 4.20 | 46.14 | 50.34 | NOTE | |
r-release-linux-x86_64 | 1.0.1 | 2.83 | 43.70 | 46.53 | NOTE | |
r-release-macos-arm64 | 1.0.1 | 21.00 | NOTE | |||
r-release-windows-x86_64 | 1.0.1 | 3.00 | 54.00 | 57.00 | NOTE | |
r-oldrel-macos-arm64 | 1.0.1 | 24.00 | OK | |||
r-oldrel-macos-x86_64 | 1.0.1 | 33.00 | OK | |||
r-oldrel-windows-x86_64 | 1.0.1 | 5.00 | 60.00 | 65.00 | OK |
Version: 1.0.1
Check: Rd files
Result: NOTE
checkRd: (-1) PermBiclust.beta.ks.Rd:29: Lost braces; missing escapes or markup?
29 | \item{\code{num.bicluster}}: {The number of biclusters estimated by the procedure.}
| ^
checkRd: (-1) PermBiclust.beta.ks.Rd:30: Lost braces
30 | \item{\code{x.residual}}: {The data matrix \code{x} after removing the signals}
| ^
checkRd: (-1) PermBiclust.sigclust.Rd:32: Lost braces; missing escapes or markup?
32 | \item{\code{num.bicluster}}: {The number of biclusters estimated by the procedure.}
| ^
checkRd: (-1) PermBiclust.sigclust.Rd:33: Lost braces
33 | \item{\code{x.residual}}: {The data matrix \code{x} after removing the signals}
| ^
checkRd: (-1) PermBiclust.sigclust_stop.Rd:35: Lost braces; missing escapes or markup?
35 | \item{\code{num.bicluster}}: {The number of biclusters estimated by the procedure.}
| ^
checkRd: (-1) PermBiclust.sigclust_stop.Rd:36: Lost braces
36 | \item{\code{x.residual}}: {The data matrix \code{x} after removing the signals}
| ^
Flavors: r-devel-linux-x86_64-debian-clang, r-devel-linux-x86_64-debian-gcc, r-devel-linux-x86_64-fedora-clang, r-devel-linux-x86_64-fedora-gcc, r-devel-windows-x86_64, r-patched-linux-x86_64, r-release-linux-x86_64, r-release-macos-arm64, r-release-windows-x86_64
These binaries (installable software) and packages are in development.
They may not be fully stable and should be used with caution. We make no claims about them.
Health stats visible at Monitor.