CRAN Package Check Results for Package SBMSplitMerge

Last updated on 2025-05-15 07:49:51 CEST.

Flavor Version Tinstall Tcheck Ttotal Status Flags
r-devel-linux-x86_64-debian-clang 1.1.1 6.29 107.36 113.65 NOTE
r-devel-linux-x86_64-debian-gcc 1.1.1 4.93 70.47 75.40 NOTE
r-devel-linux-x86_64-fedora-clang 1.1.1 180.17 NOTE
r-devel-linux-x86_64-fedora-gcc 1.1.1 191.28 NOTE
r-devel-windows-x86_64 1.1.1 9.00 120.00 129.00 NOTE
r-patched-linux-x86_64 1.1.1 7.56 100.57 108.13 NOTE
r-release-linux-x86_64 1.1.1 6.85 98.88 105.73 NOTE
r-release-macos-arm64 1.1.1 NOTE
r-release-macos-x86_64 1.1.1 115.00 NOTE
r-release-windows-x86_64 1.1.1 9.00 122.00 131.00 NOTE
r-oldrel-macos-arm64 1.1.1 58.00 NOTE
r-oldrel-macos-x86_64 1.1.1 85.00 NOTE
r-oldrel-windows-x86_64 1.1.1 11.00 153.00 164.00 NOTE

Check Details

Version: 1.1.1
Check: CRAN incoming feasibility
Result: NOTE Maintainer: ‘Matthew Ludkin <m.ludkin1@lancaster.ac.uk>’ The Description field contains <doi:10.1080/10618600.2000.10474879>; Ludkin (2019) <arXiv:1909.09421>. Please refer to arXiv e-prints via their arXiv DOI <doi:10.48550/arXiv.YYMM.NNNNN>. Found the following URLs which should use \doi (with the DOI name only): File ‘drawblock.dp.Rd’: http://doi.org/10.17635/lancaster/thesis/296 File ‘sampler.dp.Rd’: http://doi.org/10.17635/lancaster/thesis/296 File ‘sampler.rj.Rd’: http://doi.org/10.17635/lancaster/thesis/296 Flavors: r-devel-linux-x86_64-debian-clang, r-devel-linux-x86_64-debian-gcc

Version: 1.1.1
Check: package subdirectories
Result: NOTE Problems with news in ‘NEWS.md’: Cannot extract version info from the following section titles: Updated help pages with examples Updated conjugate model sampler Flavors: r-devel-linux-x86_64-debian-clang, r-devel-linux-x86_64-debian-gcc, r-devel-linux-x86_64-fedora-clang, r-devel-linux-x86_64-fedora-gcc, r-devel-windows-x86_64, r-patched-linux-x86_64, r-release-linux-x86_64, r-release-macos-arm64, r-release-macos-x86_64, r-release-windows-x86_64, r-oldrel-macos-arm64, r-oldrel-macos-x86_64, r-oldrel-windows-x86_64

These binaries (installable software) and packages are in development.
They may not be fully stable and should be used with caution. We make no claims about them.
Health stats visible at Monitor.