Last updated on 2024-05-02 11:51:34 CEST.
Flavor | Version | Tinstall | Tcheck | Ttotal | Status | Flags |
---|---|---|---|---|---|---|
r-devel-linux-x86_64-debian-clang | 1.0.5 | 3.58 | 64.36 | 67.94 | OK | |
r-devel-linux-x86_64-debian-gcc | 1.0.5 | 3.05 | 45.86 | 48.91 | OK | |
r-devel-linux-x86_64-fedora-clang | 1.0.5 | 83.39 | OK | |||
r-devel-linux-x86_64-fedora-gcc | 1.0.5 | 78.72 | OK | |||
r-devel-windows-x86_64 | 1.0.5 | 4.00 | 65.00 | 69.00 | OK | |
r-patched-linux-x86_64 | 1.0.5 | 2.51 | 59.86 | 62.37 | OK | |
r-release-linux-x86_64 | 1.0.5 | 2.45 | 59.04 | 61.49 | OK | |
r-release-macos-arm64 | 1.0.5 | 28.00 | OK | |||
r-release-macos-x86_64 | 1.0.5 | 74.00 | OK | |||
r-release-windows-x86_64 | 1.0.5 | 4.00 | 66.00 | 70.00 | OK | |
r-oldrel-macos-arm64 | 1.0.5 | 32.00 | OK | |||
r-oldrel-macos-x86_64 | 1.0.5 | 67.00 | OK | |||
r-oldrel-windows-x86_64 | 1.0.5 | 5.00 | 134.00 | 139.00 | WARN |
Version: 1.0.5
Check: for code/documentation mismatches
Result: WARN
Warning: PROJ: Cannot open https://cdn.proj.org/ca_nrc_HT2_1997.tif: Could not resolve host: cdn.proj.org (GDAL error 1)
Warning: PROJ: Cannot open https://cdn.proj.org/ca_nrc_HT2_2002v70.tif: Could not resolve host: cdn.proj.org (GDAL error 1)
Warning: PROJ: Cannot open https://cdn.proj.org/ca_nrc_HT2_2010v70.tif: Could not resolve host: cdn.proj.org (GDAL error 1)
Warning: PROJ: Cannot open https://cdn.proj.org/ca_nrc_HT2_2010v70.tif: Could not resolve host: cdn.proj.org (GDAL error 1)
Warning: PROJ: Cannot open https://cdn.proj.org/ca_nrc_HT2_2002v70.tif: Could not resolve host: cdn.proj.org (GDAL error 1)
Flavor: r-oldrel-windows-x86_64
These binaries (installable software) and packages are in development.
They may not be fully stable and should be used with caution. We make no claims about them.
Health stats visible at Monitor.