Last updated on 2024-05-02 11:51:34 CEST.
Flavor | Version | Tinstall | Tcheck | Ttotal | Status | Flags |
---|---|---|---|---|---|---|
r-devel-linux-x86_64-debian-clang | 0.1.0 | 173.45 | 44.16 | 217.61 | WARN | |
r-devel-linux-x86_64-debian-gcc | 0.1.0 | 132.46 | 32.86 | 165.32 | OK | |
r-devel-linux-x86_64-fedora-clang | 0.1.0 | 334.92 | OK | |||
r-devel-linux-x86_64-fedora-gcc | 0.1.0 | 318.69 | OK | |||
r-devel-windows-x86_64 | 0.1.0 | 133.00 | 74.00 | 207.00 | OK | |
r-patched-linux-x86_64 | 0.1.0 | 161.85 | 40.72 | 202.57 | OK | |
r-release-linux-x86_64 | 0.1.0 | 179.73 | 40.84 | 220.57 | OK | |
r-release-macos-arm64 | 0.1.0 | 62.00 | NOTE | |||
r-release-windows-x86_64 | 0.1.0 | 135.00 | 79.00 | 214.00 | OK | |
r-oldrel-macos-arm64 | 0.1.0 | 66.00 | NOTE | |||
r-oldrel-macos-x86_64 | 0.1.0 | 84.00 | NOTE | |||
r-oldrel-windows-x86_64 | 0.1.0 | 163.00 | 86.00 | 249.00 | OK |
Version: 0.1.0
Check: whether package can be installed
Result: WARN
Found the following significant warnings:
F_MAIN_CAM.cpp:159:10: warning: using integer absolute value function 'abs' when argument is of floating point type [-Wabsolute-value]
F_MAIN_CAM_Concentration.cpp:194:10: warning: using integer absolute value function 'abs' when argument is of floating point type [-Wabsolute-value]
F_MAIN_fSAN.cpp:141:10: warning: using integer absolute value function 'abs' when argument is of floating point type [-Wabsolute-value]
F_MAIN_fiSAN.cpp:143:10: warning: using integer absolute value function 'abs' when argument is of floating point type [-Wabsolute-value]
F_MAIN_fiSAN_Concentration.cpp:184:10: warning: using integer absolute value function 'abs' when argument is of floating point type [-Wabsolute-value]
See ‘/home/hornik/tmp/R.check/r-devel-clang/Work/PKGS/SANvi.Rcheck/00install.out’ for details.
* used C++ compiler: ‘Debian clang version 18.1.4 (1)’
Flavor: r-devel-linux-x86_64-debian-clang
Version: 0.1.0
Check: installed package size
Result: NOTE
installed size is 6.1Mb
sub-directories of 1Mb or more:
libs 5.6Mb
Flavors: r-release-macos-arm64, r-oldrel-macos-arm64, r-oldrel-macos-x86_64
These binaries (installable software) and packages are in development.
They may not be fully stable and should be used with caution. We make no claims about them.
Health stats visible at Monitor.