Last updated on 2025-05-03 10:50:16 CEST.
Flavor | Version | Tinstall | Tcheck | Ttotal | Status | Flags |
---|---|---|---|---|---|---|
r-devel-linux-x86_64-debian-clang | 1.8.1 | 198.93 | 181.50 | 380.43 | OK | |
r-devel-linux-x86_64-debian-gcc | 1.8.1 | 160.22 | 121.88 | 282.10 | OK | |
r-devel-linux-x86_64-fedora-clang | 1.8.1 | 560.13 | OK | |||
r-devel-linux-x86_64-fedora-gcc | 1.8.1 | 726.23 | OK | |||
r-devel-windows-x86_64 | 1.8.1 | 176.00 | 200.00 | 376.00 | OK | |
r-patched-linux-x86_64 | 1.8.1 | 208.33 | 175.11 | 383.44 | OK | |
r-release-linux-x86_64 | OK | |||||
r-release-macos-arm64 | 1.8.1 | 112.00 | OK | |||
r-release-macos-x86_64 | 1.8.1 | 286.00 | OK | |||
r-release-windows-x86_64 | 1.8.1 | 177.00 | 196.00 | 373.00 | OK | |
r-oldrel-macos-arm64 | 1.8.1 | 131.00 | NOTE | |||
r-oldrel-macos-x86_64 | 1.8.1 | 313.00 | NOTE | |||
r-oldrel-windows-x86_64 | 1.8.1 | 196.00 | 260.00 | 456.00 | NOTE |
Version: 1.8.1
Check: installed package size
Result: NOTE
installed size is 55.8Mb
sub-directories of 1Mb or more:
R 2.1Mb
libs 53.2Mb
Flavors: r-oldrel-macos-arm64, r-oldrel-macos-x86_64, r-oldrel-windows-x86_64
These binaries (installable software) and packages are in development.
They may not be fully stable and should be used with caution. We make no claims about them.
Health stats visible at Monitor.