Last updated on 2025-02-23 15:49:57 CET.
Flavor | Version | Tinstall | Tcheck | Ttotal | Status | Flags |
---|---|---|---|---|---|---|
r-devel-linux-x86_64-debian-clang | 0.9.2 | 2.34 | 33.45 | 35.79 | NOTE | |
r-devel-linux-x86_64-debian-gcc | 0.9.2 | 1.72 | 26.33 | 28.05 | NOTE | |
r-devel-linux-x86_64-fedora-clang | 0.9.2 | 60.10 | NOTE | |||
r-devel-linux-x86_64-fedora-gcc | 0.9.2 | 71.53 | NOTE | |||
r-devel-macos-arm64 | 0.9.2 | 29.00 | NOTE | |||
r-devel-macos-x86_64 | 0.9.2 | 51.00 | NOTE | |||
r-devel-windows-x86_64 | 0.9.2 | 5.00 | 57.00 | 62.00 | NOTE | |
r-patched-linux-x86_64 | 0.9.2 | 2.53 | 31.31 | 33.84 | NOTE | |
r-release-linux-x86_64 | 0.9.2 | 2.21 | 31.48 | 33.69 | NOTE | |
r-release-macos-arm64 | 0.9.2 | 27.00 | NOTE | |||
r-release-macos-x86_64 | 0.9.2 | 41.00 | NOTE | |||
r-release-windows-x86_64 | 0.9.2 | 5.00 | 56.00 | 61.00 | NOTE | |
r-oldrel-macos-arm64 | 0.9.2 | 27.00 | OK | |||
r-oldrel-macos-x86_64 | 0.9.2 | 43.00 | OK | |||
r-oldrel-windows-x86_64 | 0.9.2 | 6.00 | 65.00 | 71.00 | OK |
Version: 0.9.2
Check: Rd files
Result: NOTE
checkRd: (-1) wtss_to_ts.Rd:31: Lost braces; missing escapes or markup?
31 | This period can be either {"month", "week", "day"},
| ^
checkRd: (-1) wtss_to_ts.Rd:32: Lost braces; missing escapes or markup?
32 | {"months", "weeks", "days"} or
| ^
checkRd: (-1) wtss_to_ts.Rd:33: Lost braces; missing escapes or markup?
33 | {12, 52, 365}. This function creates a new time series with the required
| ^
Flavors: r-devel-linux-x86_64-debian-clang, r-devel-linux-x86_64-debian-gcc, r-devel-linux-x86_64-fedora-clang, r-devel-linux-x86_64-fedora-gcc, r-devel-macos-arm64, r-devel-macos-x86_64, r-devel-windows-x86_64, r-patched-linux-x86_64, r-release-linux-x86_64, r-release-macos-arm64, r-release-macos-x86_64, r-release-windows-x86_64
Version: 0.9.2
Check: for unstated dependencies in ‘demo’
Result: NOTE
'::' or ':::' imports not declared from:
‘changepoint’ ‘strucchange’
'library' or 'require' calls not declared from:
‘changepoint’ ‘strucchange’
Flavors: r-devel-linux-x86_64-debian-clang, r-devel-linux-x86_64-debian-gcc
These binaries (installable software) and packages are in development.
They may not be fully stable and should be used with caution. We make no claims about them.
Health stats visible at Monitor.