CRAN Package Check Results for Package Rtwalk

Last updated on 2025-05-15 07:49:51 CEST.

Flavor Version Tinstall Tcheck Ttotal Status Flags
r-devel-linux-x86_64-debian-clang 1.8.0 2.25 21.57 23.82 NOTE
r-devel-linux-x86_64-debian-gcc 1.8.0 1.68 16.97 18.65 NOTE
r-devel-linux-x86_64-fedora-clang 1.8.0 37.95 NOTE
r-devel-linux-x86_64-fedora-gcc 1.8.0 35.83 NOTE
r-devel-windows-x86_64 1.8.0 4.00 46.00 50.00 OK
r-patched-linux-x86_64 1.8.0 2.56 20.72 23.28 NOTE
r-release-linux-x86_64 1.8.0 2.37 20.76 23.13 NOTE
r-release-macos-arm64 1.8.0 OK
r-release-macos-x86_64 1.8.0 41.00 OK
r-release-windows-x86_64 1.8.0 3.00 45.00 48.00 OK
r-oldrel-macos-arm64 1.8.0 18.00 OK
r-oldrel-macos-x86_64 1.8.0 23.00 OK
r-oldrel-windows-x86_64 1.8.0 3.00 45.00 48.00 OK

Check Details

Version: 1.8.0
Check: CRAN incoming feasibility
Result: NOTE Maintainer: ‘J Andres Christen <jac@cimat.mx>’ No Authors@R field in DESCRIPTION. Please add one, modifying Authors@R: person(given = c("J", "Andres"), family = "Christen", role = c("aut", "cre"), email = "jac@cimat.mx") as necessary. Problems when reading CITATION file: It is recommended to use ‘given’ instead of ‘middle’. Flavors: r-devel-linux-x86_64-debian-clang, r-devel-linux-x86_64-debian-gcc

Version: 1.8.0
Check: for non-standard things in the check directory
Result: NOTE Found the following files/directories: ‘Tsttwalk.dat’ Flavors: r-devel-linux-x86_64-debian-clang, r-devel-linux-x86_64-debian-gcc, r-devel-linux-x86_64-fedora-clang, r-devel-linux-x86_64-fedora-gcc, r-patched-linux-x86_64, r-release-linux-x86_64

These binaries (installable software) and packages are in development.
They may not be fully stable and should be used with caution. We make no claims about them.
Health stats visible at Monitor.