Last updated on 2024-05-02 09:51:57 CEST.
Flavor | Version | Tinstall | Tcheck | Ttotal | Status | Flags |
---|---|---|---|---|---|---|
r-devel-linux-x86_64-debian-clang | 2023.1 | 13.78 | 82.14 | 95.92 | NOTE | |
r-devel-linux-x86_64-debian-gcc | 2023.1 | 7.80 | 59.77 | 67.57 | NOTE | |
r-devel-linux-x86_64-fedora-clang | 2023.1 | 116.86 | NOTE | |||
r-devel-linux-x86_64-fedora-gcc | 2023.1 | 111.33 | NOTE | |||
r-devel-windows-x86_64 | 2023.1 | 12.00 | 74.00 | 86.00 | NOTE | |
r-patched-linux-x86_64 | 2023.1 | 14.78 | 78.00 | 92.78 | NOTE | |
r-release-linux-x86_64 | 2023.1 | 13.62 | 77.02 | 90.64 | NOTE | |
r-release-macos-arm64 | 2023.1 | 30.00 | NOTE | |||
r-release-windows-x86_64 | 2023.1 | 11.00 | 75.00 | 86.00 | NOTE | |
r-oldrel-macos-arm64 | 2023.1 | 32.00 | OK | |||
r-oldrel-macos-x86_64 | 2023.1 | 83.00 | OK | |||
r-oldrel-windows-x86_64 | 2023.1 | 15.00 | 89.00 | 104.00 | OK |
Version: 2023.1
Check: Rd files
Result: NOTE
checkRd: (-1) simpopmlx.Rd:24: Lost braces; missing escapes or markup?
24 | \item{fim}{the (\emph{string}) Fisher Information Matrix estimated by Monolix. fim={"sa", "lin"} (default="sa")}
| ^
checkRd: (-1) writeData.Rd:18: Lost braces; missing escapes or markup?
18 | It must be one of {"\\t", " ", ";", ","}}
| ^
checkRd: (-1) writeData.Rd:21: Lost braces; missing escapes or markup?
21 | It must be one of {"csv", "txt"}
| ^
Flavors: r-devel-linux-x86_64-debian-clang, r-devel-linux-x86_64-debian-gcc, r-devel-linux-x86_64-fedora-clang, r-devel-linux-x86_64-fedora-gcc, r-devel-windows-x86_64, r-patched-linux-x86_64, r-release-linux-x86_64, r-release-macos-arm64, r-release-windows-x86_64
These binaries (installable software) and packages are in development.
They may not be fully stable and should be used with caution. We make no claims about them.
Health stats visible at Monitor.