CRAN Package Check Results for Package Rogue

Last updated on 2025-02-23 13:51:23 CET.

Flavor Version Tinstall Tcheck Ttotal Status Flags
r-devel-linux-x86_64-debian-clang 2.1.6 10.17 82.17 92.34 OK
r-devel-linux-x86_64-debian-gcc 2.1.6 9.17 59.37 68.54 OK
r-devel-linux-x86_64-fedora-clang 2.1.6 147.96 OK
r-devel-linux-x86_64-fedora-gcc 2.1.6 157.71 OK
r-devel-macos-arm64 2.1.6 71.00 OK
r-devel-macos-x86_64 2.1.6 105.00 OK
r-devel-windows-x86_64 2.1.6 21.00 103.00 124.00 OK
r-patched-linux-x86_64 2.1.6 10.31 77.87 88.18 OK
r-release-linux-x86_64 2.1.6 10.95 78.73 89.68 OK
r-release-macos-arm64 2.1.6 85.00 OK
r-release-macos-x86_64 2.1.6 110.00 OK
r-release-windows-x86_64 2.1.6 21.00 156.00 177.00 ERROR
r-oldrel-macos-arm64 2.1.6 88.00 OK
r-oldrel-macos-x86_64 2.1.6 173.00 OK
r-oldrel-windows-x86_64 2.1.6 24.00 118.00 142.00 OK

Additional issues

rchk

Check Details

Version: 2.1.6
Check: re-building of vignette outputs
Result: ERROR Error(s) in re-building vignettes: --- re-building 'Bayesian.Rmd' using rmarkdown Quitting from lines 57-75 [load-trees] (Bayesian.Rmd) Error: processing vignette 'Bayesian.Rmd' failed with diagnostics: cannot read from connection --- failed re-building 'Bayesian.Rmd' SUMMARY: processing the following file failed: 'Bayesian.Rmd' Error: Vignette re-building failed. Execution halted Flavor: r-release-windows-x86_64

These binaries (installable software) and packages are in development.
They may not be fully stable and should be used with caution. We make no claims about them.
Health stats visible at Monitor.