Last updated on 2024-05-02 00:58:54 CEST.
Flavor | Version | Tinstall | Tcheck | Ttotal | Status | Flags |
---|---|---|---|---|---|---|
r-devel-linux-x86_64-debian-clang | 2.1.6 | 17.42 | 163.58 | 181.00 | OK | |
r-devel-linux-x86_64-debian-gcc | 2.1.6 | 15.26 | 120.49 | 135.75 | OK | |
r-devel-linux-x86_64-fedora-clang | 2.1.6 | 223.54 | OK | |||
r-devel-linux-x86_64-fedora-gcc | 2.1.6 | 228.97 | OK | |||
r-devel-windows-x86_64 | 2.1.6 | 25.00 | 130.00 | 155.00 | OK | |
r-patched-linux-x86_64 | 2.1.6 | 12.76 | 151.10 | 163.86 | OK | |
r-release-linux-x86_64 | 2.1.6 | 11.73 | 154.70 | 166.43 | OK | |
r-release-macos-arm64 | 2.1.6 | 85.00 | OK | |||
r-release-windows-x86_64 | 2.1.6 | 26.00 | 132.00 | 158.00 | OK | |
r-oldrel-macos-arm64 | 2.1.6 | 88.00 | OK | |||
r-oldrel-macos-x86_64 | 2.1.6 | 173.00 | OK | |||
r-oldrel-windows-x86_64 | 2.1.6 | 29.00 | 164.00 | 193.00 | ERROR |
Version: 2.1.6
Check: re-building of vignette outputs
Result: ERROR
Error(s) in re-building vignettes:
--- re-building 'Bayesian.Rmd' using rmarkdown
Could not fetch https://info.orcid.org/wp-content/uploads/2020/12/orcid_16x16.gif
HttpExceptionRequest Request {
host = "info.orcid.org"
port = 443
secure = True
requestHeaders = []
path = "/wp-content/uploads/2020/12/orcid_16x16.gif"
queryString = ""
method = "GET"
proxy = Nothing
rawBody = False
redirectCount = 10
responseTimeout = ResponseTimeoutDefault
requestVersion = HTTP/1.1
}
(ConnectionFailure user error (Network.Socket.gai_strerror not supported: 11001))
Error: processing vignette 'Bayesian.Rmd' failed with diagnostics:
pandoc document conversion failed with error 61
--- failed re-building 'Bayesian.Rmd'
SUMMARY: processing the following file failed:
'Bayesian.Rmd'
Error: Vignette re-building failed.
Execution halted
Flavor: r-oldrel-windows-x86_64
These binaries (installable software) and packages are in development.
They may not be fully stable and should be used with caution. We make no claims about them.
Health stats visible at Monitor.