Last updated on 2024-05-02 08:01:56 CEST.
Flavor | Version | Tinstall | Tcheck | Ttotal | Status | Flags |
---|---|---|---|---|---|---|
r-devel-linux-x86_64-debian-clang | 0.5.4 | 67.54 | 95.86 | 163.40 | NOTE | |
r-devel-linux-x86_64-debian-gcc | 0.5.4 | 60.19 | 67.79 | 127.98 | NOTE | |
r-devel-linux-x86_64-fedora-clang | 0.5.4 | 201.19 | NOTE | |||
r-devel-linux-x86_64-fedora-gcc | 0.5.4 | 221.95 | NOTE | |||
r-devel-windows-x86_64 | 0.5.4 | 53.00 | 105.00 | 158.00 | NOTE | |
r-patched-linux-x86_64 | 0.5.4 | 54.71 | 90.96 | 145.67 | NOTE | |
r-release-linux-x86_64 | 0.5.4 | 52.90 | 90.93 | 143.83 | NOTE | |
r-release-macos-arm64 | 0.5.4 | 50.00 | NOTE | |||
r-release-windows-x86_64 | 0.5.4 | 50.00 | 107.00 | 157.00 | NOTE | |
r-oldrel-macos-arm64 | 0.5.4 | 65.00 | NOTE | |||
r-oldrel-macos-x86_64 | 0.5.4 | 99.00 | NOTE | |||
r-oldrel-windows-x86_64 | 0.5.4 | 67.00 | 132.00 | 199.00 | OK |
Version: 0.5.4
Check: Rd files
Result: NOTE
checkRd: (-1) rcalibration_MS-class.Rd:21: Lost braces; missing escapes or markup?
21 | \item{\code{input}:}{Object of class \code{list}. Each element is a \code{matrix} of the design of experiments in each source with dimension n_i x p_{x,i}, for i=1,...,num_sources.}
| ^
checkRd: (-1) separable_kernel.Rd:26: Lost braces
26 | A vector specifying the type of kernels of each coordinate of the input. \code{matern_3_2} and \code{matern_5_2} are \code{Matern correlation} with roughness parameter 3/2 and 5/2 respectively. \code{pow_exp} is power exponential correlation with roughness parameter alpha. If \code{pow_exp} is to be used, one needs to specify its roughness parameter alpha. The default choice is \code{matern_5_2}. The \code{periodic_gauss} means the Gaussian kernel with periodic folding method with be used. The code{periodic_exp} means the exponential kernel with periodic folding method will be used.
| ^
Flavors: r-devel-linux-x86_64-debian-clang, r-devel-linux-x86_64-debian-gcc, r-devel-linux-x86_64-fedora-clang, r-devel-linux-x86_64-fedora-gcc, r-devel-windows-x86_64, r-patched-linux-x86_64, r-release-linux-x86_64, r-release-macos-arm64, r-release-windows-x86_64
Version: 0.5.4
Check: installed package size
Result: NOTE
installed size is 22.6Mb
sub-directories of 1Mb or more:
libs 22.0Mb
Flavors: r-release-macos-arm64, r-oldrel-macos-arm64, r-oldrel-macos-x86_64
These binaries (installable software) and packages are in development.
They may not be fully stable and should be used with caution. We make no claims about them.
Health stats visible at Monitor.