CRAN Package Check Results for Package RobustBayesianCopas

Last updated on 2025-05-17 17:49:31 CEST.

Flavor Version Tinstall Tcheck Ttotal Status Flags
r-devel-linux-x86_64-debian-clang 2.0 1.73 26.85 28.58 NOTE
r-devel-linux-x86_64-debian-gcc 2.0 2.13 21.54 23.67 NOTE
r-devel-linux-x86_64-fedora-clang 2.0 47.61 OK
r-devel-linux-x86_64-fedora-gcc 2.0 45.26 OK
r-devel-windows-x86_64 2.0 4.00 51.00 55.00 OK
r-patched-linux-x86_64 2.0 2.68 26.23 28.91 OK
r-release-linux-x86_64 2.0 1.93 25.83 27.76 OK
r-release-macos-arm64 2.0 21.00 OK
r-release-macos-x86_64 2.0 53.00 OK
r-release-windows-x86_64 2.0 4.00 52.00 56.00 OK
r-oldrel-macos-arm64 2.0 19.00 OK
r-oldrel-macos-x86_64 2.0 28.00 OK
r-oldrel-windows-x86_64 2.0 5.00 55.00 60.00 OK

Check Details

Version: 2.0
Check: CRAN incoming feasibility
Result: NOTE Maintainer: ‘Ray Bai <raybaistat@gmail.com>’ No Authors@R field in DESCRIPTION. Please add one, modifying Authors@R: person(given = "Ray", family = "Bai", role = c("aut", "cre"), email = "raybaistat@gmail.com") as necessary. The Description field contains (2020) <arXiv:2005.02930> for correcting and quantifying publication Please refer to arXiv e-prints via their arXiv DOI <doi:10.48550/arXiv.YYMM.NNNNN>. Flavors: r-devel-linux-x86_64-debian-clang, r-devel-linux-x86_64-debian-gcc

These binaries (installable software) and packages are in development.
They may not be fully stable and should be used with caution. We make no claims about them.
Health stats visible at Monitor.