Last updated on 2025-02-02 07:50:24 CET.
Flavor | Version | Tinstall | Tcheck | Ttotal | Status | Flags |
---|---|---|---|---|---|---|
r-devel-linux-x86_64-debian-clang | 0.9.1 | 1.80 | 24.99 | 26.79 | NOTE | |
r-devel-linux-x86_64-debian-gcc | 0.9.1 | 1.54 | 19.90 | 21.44 | NOTE | |
r-devel-linux-x86_64-fedora-clang | 0.9.1 | 45.06 | NOTE | |||
r-devel-linux-x86_64-fedora-gcc | 0.9.1 | 39.79 | NOTE | |||
r-devel-windows-x86_64 | 0.9.1 | 3.00 | 54.00 | 57.00 | NOTE | |
r-patched-linux-x86_64 | 0.9.1 | 2.03 | 23.19 | 25.22 | NOTE | |
r-release-linux-x86_64 | 0.9.1 | 1.84 | 23.33 | 25.17 | NOTE | |
r-release-macos-arm64 | 0.9.1 | 15.00 | NOTE | |||
r-release-macos-x86_64 | 0.9.1 | 24.00 | NOTE | |||
r-release-windows-x86_64 | 0.9.1 | 3.00 | 47.00 | 50.00 | NOTE | |
r-oldrel-macos-arm64 | 0.9.1 | 18.00 | OK | |||
r-oldrel-macos-x86_64 | 0.9.1 | 22.00 | OK | |||
r-oldrel-windows-x86_64 | 0.9.1 | 3.00 | 47.00 | 50.00 | OK |
Version: 0.9.1
Check: Rd files
Result: NOTE
checkRd: (-1) RivivcA.Rd:7: Lost braces
7 | This is the major function to be called where numerical convolution ad/or deconvolution might be used for a linear in vitro in vivo correlation level A. It performes either numerical convolution via /code{NumConv()} or deconvolution via /code{NumDeconv()} and correlates their results with the known.data object via linear regression \code{lm()}. If you just want raw results of convolution/deconvolution then call explicitely \code{\link{NumConv}} or \code{link{NumDeconv}}
| ^
checkRd: (-1) RivivcA.Rd:7: Lost braces
7 | This is the major function to be called where numerical convolution ad/or deconvolution might be used for a linear in vitro in vivo correlation level A. It performes either numerical convolution via /code{NumConv()} or deconvolution via /code{NumDeconv()} and correlates their results with the known.data object via linear regression \code{lm()}. If you just want raw results of convolution/deconvolution then call explicitely \code{\link{NumConv}} or \code{link{NumDeconv}}
| ^
Flavors: r-devel-linux-x86_64-debian-clang, r-devel-linux-x86_64-debian-gcc, r-devel-linux-x86_64-fedora-clang, r-devel-linux-x86_64-fedora-gcc, r-devel-windows-x86_64, r-patched-linux-x86_64, r-release-linux-x86_64, r-release-macos-arm64, r-release-macos-x86_64, r-release-windows-x86_64
These binaries (installable software) and packages are in development.
They may not be fully stable and should be used with caution. We make no claims about them.
Health stats visible at Monitor.