Last updated on 2025-02-23 19:51:18 CET.
Flavor | Version | Tinstall | Tcheck | Ttotal | Status | Flags |
---|---|---|---|---|---|---|
r-devel-linux-x86_64-debian-clang | 0.1.4 | 215.87 | 190.13 | 406.00 | NOTE | |
r-devel-linux-x86_64-debian-gcc | 0.1.4 | 155.61 | 133.94 | 289.55 | NOTE | |
r-devel-linux-x86_64-fedora-clang | 0.1.4 | 727.42 | NOTE | |||
r-devel-linux-x86_64-fedora-gcc | 0.1.4 | 836.95 | NOTE | |||
r-devel-macos-arm64 | 0.1.4 | 153.00 | NOTE | |||
r-devel-macos-x86_64 | 0.1.4 | 238.00 | NOTE | |||
r-devel-windows-x86_64 | 0.1.4 | 219.00 | 223.00 | 442.00 | NOTE | |
r-patched-linux-x86_64 | 0.1.4 | 214.49 | 172.57 | 387.06 | NOTE | |
r-release-linux-x86_64 | 0.1.4 | 210.31 | 174.68 | 384.99 | NOTE | |
r-release-macos-arm64 | 0.1.4 | 164.00 | NOTE | |||
r-release-macos-x86_64 | 0.1.4 | 212.00 | NOTE | |||
r-release-windows-x86_64 | 0.1.4 | 219.00 | 227.00 | 446.00 | NOTE | |
r-oldrel-macos-arm64 | 0.1.4 | 200.00 | NOTE | |||
r-oldrel-macos-x86_64 | 0.1.4 | 341.00 | NOTE | |||
r-oldrel-windows-x86_64 | 0.1.4 | 237.00 | 8.00 | 245.00 | ERROR |
Version: 0.1.4
Check: C++ specification
Result: NOTE
Specified C++11: please drop specification unless essential
Flavors: r-devel-linux-x86_64-debian-clang, r-devel-linux-x86_64-debian-gcc, r-devel-linux-x86_64-fedora-clang, r-devel-linux-x86_64-fedora-gcc, r-devel-macos-arm64, r-devel-macos-x86_64, r-devel-windows-x86_64, r-patched-linux-x86_64, r-release-linux-x86_64, r-release-macos-arm64, r-release-macos-x86_64, r-release-windows-x86_64, r-oldrel-macos-arm64, r-oldrel-macos-x86_64
Version: 0.1.4
Check: Rd files
Result: NOTE
checkRd: (-1) acg.Rd:72: Escaped LaTeX specials: \&
checkRd: (-1) gorilla.Rd:41: Escaped LaTeX specials: \&
checkRd: (-1) grassmann.utest.Rd:63: Escaped LaTeX specials: \&
checkRd: (-1) macg.Rd:71: Escaped LaTeX specials: \&
checkRd: (-1) sphere.utest.Rd:47: Escaped LaTeX specials: \&
checkRd: (-1) stiefel.utest.Rd:64: Escaped LaTeX specials: \&
checkRd: (-1) wrap.landmark.Rd:41: Escaped LaTeX specials: \&
Flavors: r-devel-linux-x86_64-debian-clang, r-devel-linux-x86_64-debian-gcc, r-devel-linux-x86_64-fedora-clang, r-devel-linux-x86_64-fedora-gcc, r-devel-macos-arm64, r-devel-macos-x86_64, r-devel-windows-x86_64, r-patched-linux-x86_64, r-release-linux-x86_64, r-release-macos-arm64, r-release-macos-x86_64, r-release-windows-x86_64, r-oldrel-macos-arm64, r-oldrel-macos-x86_64
Version: 0.1.4
Check: installed package size
Result: NOTE
installed size is 17.8Mb
sub-directories of 1Mb or more:
data 1.6Mb
libs 15.4Mb
Flavors: r-release-macos-arm64, r-release-macos-x86_64, r-oldrel-macos-arm64, r-oldrel-macos-x86_64
Version: 0.1.4
Check: whether package can be installed
Result: ERROR
Installation failed.
Flavor: r-oldrel-windows-x86_64
These binaries (installable software) and packages are in development.
They may not be fully stable and should be used with caution. We make no claims about them.
Health stats visible at Monitor.