Last updated on 2025-02-23 15:49:55 CET.
Flavor | Version | Tinstall | Tcheck | Ttotal | Status | Flags |
---|---|---|---|---|---|---|
r-devel-linux-x86_64-debian-clang | 0.1.5.2 | 392.24 | 66.88 | 459.12 | NOTE | |
r-devel-linux-x86_64-debian-gcc | 0.1.5.2 | 289.49 | 44.68 | 334.17 | NOTE | |
r-devel-linux-x86_64-fedora-clang | 0.1.5.2 | 923.66 | OK | |||
r-devel-linux-x86_64-fedora-gcc | 0.1.5.2 | 928.12 | OK | |||
r-devel-macos-arm64 | 0.1.5.2 | 160.00 | OK | |||
r-devel-macos-x86_64 | 0.1.5.2 | 174.00 | OK | |||
r-devel-windows-x86_64 | 0.1.5.2 | 417.00 | 5.00 | 422.00 | ERROR | |
r-patched-linux-x86_64 | 0.1.5.2 | 396.82 | 62.65 | 459.47 | OK | |
r-release-linux-x86_64 | 0.1.5.2 | 397.76 | 61.62 | 459.38 | OK | |
r-release-macos-arm64 | 0.1.5.2 | 91.00 | NOTE | |||
r-release-macos-x86_64 | 0.1.5.2 | 89.00 | NOTE | |||
r-release-windows-x86_64 | 0.1.5.2 | 420.00 | 5.00 | 425.00 | ERROR | |
r-oldrel-macos-arm64 | 0.1.5.2 | 172.00 | NOTE | |||
r-oldrel-macos-x86_64 | 0.1.5.2 | 202.00 | NOTE | |||
r-oldrel-windows-x86_64 | 0.1.5.2 | 503.00 | 8.00 | 511.00 | ERROR |
Version: 0.1.5.2
Check: Rd cross-references
Result: NOTE
Found the following Rd file(s) with Rd \link{} targets missing package
anchors:
bic.regs.Rd: logistic_only, poisson_only
circ.cor1.Rd: spml.reg
cor_test.Rd: allbetas, univglms
el.cor.test.Rd: permcor
fedhc.skel.Rd: data.frame.to_matrix
fp.Rd: logistic_only, poisson_only
is.skew.symmetric.Rd: cholesky, cora, cova
mmhc.skel.Rd: data.frame.to_matrix
pc.sel.Rd: pc.skel, omp
Please provide package anchors for all Rd \link{} targets not in the
package itself and the base packages.
Flavors: r-devel-linux-x86_64-debian-clang, r-devel-linux-x86_64-debian-gcc
Version: 0.1.5.2
Check: whether package can be installed
Result: ERROR
Installation failed.
Flavors: r-devel-windows-x86_64, r-release-windows-x86_64, r-oldrel-windows-x86_64
Version: 0.1.5.2
Check: installed package size
Result: NOTE
installed size is 22.6Mb
sub-directories of 1Mb or more:
libs 21.8Mb
Flavors: r-release-macos-arm64, r-release-macos-x86_64, r-oldrel-macos-arm64, r-oldrel-macos-x86_64
These binaries (installable software) and packages are in development.
They may not be fully stable and should be used with caution. We make no claims about them.
Health stats visible at Monitor.