Last updated on 2024-05-02 04:00:32 CEST.
Flavor | Version | Tinstall | Tcheck | Ttotal | Status | Flags |
---|---|---|---|---|---|---|
r-devel-linux-x86_64-debian-clang | 2.3.10 | 23.88 | 135.05 | 158.93 | OK | |
r-devel-linux-x86_64-debian-gcc | 2.3.10 | 16.59 | 101.90 | 118.49 | OK | |
r-devel-linux-x86_64-fedora-clang | 2.3.10 | 198.98 | NOTE | |||
r-devel-linux-x86_64-fedora-gcc | 2.3.10 | 198.46 | NOTE | |||
r-devel-windows-x86_64 | 2.3.10 | 18.00 | 116.00 | 134.00 | OK | |
r-patched-linux-x86_64 | 2.3.10 | 18.77 | 131.86 | 150.63 | OK | |
r-release-linux-x86_64 | 2.3.10 | 12.31 | 130.81 | 143.12 | OK | |
r-release-macos-arm64 | 2.3.10 | 68.00 | OK | |||
r-release-windows-x86_64 | 2.3.10 | 18.00 | 121.00 | 139.00 | OK | |
r-oldrel-macos-arm64 | 2.3.10 | 71.00 | OK | |||
r-oldrel-macos-x86_64 | 2.3.10 | 161.00 | OK | |||
r-oldrel-windows-x86_64 | 2.3.10 | 24.00 | 142.00 | 166.00 | OK |
Version: 2.3.10
Check: package dependencies
Result: NOTE
Imports includes 28 non-default packages.
Importing from so many packages makes the package vulnerable to any of
them becoming unavailable. Move as many as possible to Suggests and
use conditionally.
Flavor: r-devel-linux-x86_64-fedora-clang
Version: 2.3.10
Check: data for non-ASCII characters
Result: NOTE
Note: found 26 marked UTF-8 strings
Flavors: r-devel-linux-x86_64-fedora-clang, r-devel-linux-x86_64-fedora-gcc
These binaries (installable software) and packages are in development.
They may not be fully stable and should be used with caution. We make no claims about them.
Health stats visible at Monitor.