CRAN Package Check Results for Package ResidentialEnergyConsumption

Last updated on 2025-05-03 22:50:06 CEST.

Flavor Version Tinstall Tcheck Ttotal Status Flags
r-devel-linux-x86_64-debian-clang 1.1.0 4.69 19.57 24.26 NOTE
r-devel-linux-x86_64-debian-gcc 1.1.0 5.74 16.50 22.24 NOTE
r-devel-linux-x86_64-fedora-clang 1.1.0 38.57 OK
r-devel-linux-x86_64-fedora-gcc 1.1.0 37.56 OK
r-devel-windows-x86_64 1.1.0 5.00 40.00 45.00 OK
r-patched-linux-x86_64 1.1.0 5.37 18.99 24.36 OK
r-release-linux-x86_64 OK
r-release-macos-arm64 1.1.0 19.00 OK
r-release-macos-x86_64 1.1.0 33.00 OK
r-release-windows-x86_64 1.1.0 5.00 40.00 45.00 OK
r-oldrel-macos-arm64 1.1.0 18.00 OK
r-oldrel-macos-x86_64 1.1.0 27.00 NOTE
r-oldrel-windows-x86_64 1.1.0 5.00 40.00 45.00 OK

Check Details

Version: 1.1.0
Check: CRAN incoming feasibility
Result: NOTE Maintainer: ‘Konstantin Hopf <konstantin.hopf@uni-bamberg.de>’ Package CITATION file contains call(s) to old-style citEntry(). Please use bibentry() instead. Flavors: r-devel-linux-x86_64-debian-clang, r-devel-linux-x86_64-debian-gcc

Version: 1.1.0
Check: installed package size
Result: NOTE installed size is 5.6Mb sub-directories of 1Mb or more: data 5.5Mb Flavor: r-oldrel-macos-x86_64

These binaries (installable software) and packages are in development.
They may not be fully stable and should be used with caution. We make no claims about them.
Health stats visible at Monitor.