Last updated on 2024-05-02 06:12:00 CEST.
Flavor | Version | Tinstall | Tcheck | Ttotal | Status | Flags |
---|---|---|---|---|---|---|
r-devel-linux-x86_64-debian-clang | 1.0.1 | 7.58 | 58.21 | 65.79 | NOTE | |
r-devel-linux-x86_64-debian-gcc | 1.0.1 | 4.83 | 42.76 | 47.59 | NOTE | |
r-devel-linux-x86_64-fedora-clang | 1.0.1 | 78.57 | NOTE | |||
r-devel-linux-x86_64-fedora-gcc | 1.0.1 | 77.61 | NOTE | |||
r-devel-windows-x86_64 | 1.0.1 | 7.00 | 64.00 | 71.00 | ERROR | |
r-patched-linux-x86_64 | 1.0.1 | 6.81 | 54.49 | 61.30 | NOTE | |
r-release-linux-x86_64 | 1.0.1 | 5.79 | 55.47 | 61.26 | NOTE | |
r-release-macos-arm64 | 1.0.1 | 67.00 | NOTE | |||
r-release-windows-x86_64 | 1.0.1 | 7.00 | 97.00 | 104.00 | NOTE | |
r-oldrel-macos-arm64 | 1.0.1 | 56.00 | NOTE | |||
r-oldrel-macos-x86_64 | 1.0.1 | 74.00 | NOTE | |||
r-oldrel-windows-x86_64 | 1.0.1 | 8.00 | 101.00 | 109.00 | NOTE |
Version: 1.0.1
Check: LazyData
Result: NOTE
'LazyData' is specified without a 'data' directory
Flavors: r-devel-linux-x86_64-debian-clang, r-devel-linux-x86_64-debian-gcc, r-devel-linux-x86_64-fedora-clang, r-devel-linux-x86_64-fedora-gcc, r-devel-windows-x86_64, r-patched-linux-x86_64, r-release-linux-x86_64, r-release-macos-arm64, r-release-windows-x86_64, r-oldrel-macos-arm64, r-oldrel-macos-x86_64, r-oldrel-windows-x86_64
Version: 1.0.1
Check: examples
Result: ERROR
Running examples in 'ResearchAssociate-Ex.R' failed
The error most likely occurred in:
> ### Name: Get.Abstracts
> ### Title: Get Abstracts of user-defined search query
> ### Aliases: Get.Abstracts
>
> ### ** Examples
>
> Abstracts <- Get.Abstracts(Searchquery = "physics and deep learning and proteomics")
Error: HTTP failure: 500
<!DOCTYPE html PUBLIC "-//W3C//DTD XHTML 1.1//EN" "http://www.w3.org/TR/xhtml11/DTD/xhtml11.dtd">
<html>
<head>
<title>NCBI/eutils101 - WWW Error 500 Diagnostic</title>
<style type="text/css">
h1.error {color: red; font-size: 40pt}
div.diags {text-indent: 0.5in }
</style>
</head>
<body>
<h1>Server Error</h1>
<p>Your request could not be processed due to a problem on
our Web server. This could be a transient problem, please
try the query again. If it doesn't clear up within a
reasonable period of time, e-mail a short description of your
query and the diagnostic information shown below to:</p>
<p>
pubmed@nlm.nih.gov - for problems with PubMed<br/>
webadmin@ncbi.nlm.nih.gov - for problems with other services<br/>
</p>
<p>Thank you for your assistance. We will try to fix the
problem as soon as possible.
</p>
<hr/>
<p>
Diagnostic Information:</p>
<div class="diags">Error: 500</div>
<div class="diags">URL: h t t p : / / e x t - h t t p - e u t i l s . l
Execution halted
Flavor: r-devel-windows-x86_64
These binaries (installable software) and packages are in development.
They may not be fully stable and should be used with caution. We make no claims about them.
Health stats visible at Monitor.