CRAN Package Check Results for Package RecAssoRules

Last updated on 2025-05-17 13:49:48 CEST.

Flavor Version Tinstall Tcheck Ttotal Status Flags
r-devel-linux-x86_64-debian-clang 1.0 14.10 22.92 37.02 NOTE
r-devel-linux-x86_64-debian-gcc 1.0 11.58 18.28 29.86 NOTE
r-devel-linux-x86_64-fedora-clang 1.0 62.97 OK
r-devel-linux-x86_64-fedora-gcc 1.0 70.99 OK
r-devel-windows-x86_64 1.0 17.00 72.00 89.00 OK
r-patched-linux-x86_64 1.0 16.70 22.16 38.86 OK
r-release-linux-x86_64 1.0 15.66 21.68 37.34 OK
r-release-macos-arm64 1.0 21.00 OK
r-release-macos-x86_64 1.0 33.00 OK
r-release-windows-x86_64 1.0 17.00 73.00 90.00 OK
r-oldrel-macos-arm64 1.0 21.00 OK
r-oldrel-macos-x86_64 1.0 30.00 OK
r-oldrel-windows-x86_64 1.0 20.00 69.00 89.00 OK

Check Details

Version: 1.0
Check: CRAN incoming feasibility
Result: NOTE Maintainer: ‘Louis Raimbault <Louis.Raimbault@icloud.com>’ No Authors@R field in DESCRIPTION. Please add one, modifying Authors@R: c(person(given = "Louis", family = "Raimbault", role = c("aut", "cre"), email = "louis.raimbault@icloud.com"), person(family = "A.Mokkadem", role = "aut"), person(family = "M.Pelletier", role = "aut")) as necessary. The Description field contains Raimbault (2020) <arXiv:2011.14195>. Please refer to arXiv e-prints via their arXiv DOI <doi:10.48550/arXiv.YYMM.NNNNN>. The BugReports field in DESCRIPTION has https://github.com/LouisRaimbault/RecAssoRules-R which should likely be https://github.com/LouisRaimbault/RecAssoRules-R/issues instead. Flavors: r-devel-linux-x86_64-debian-clang, r-devel-linux-x86_64-debian-gcc

These binaries (installable software) and packages are in development.
They may not be fully stable and should be used with caution. We make no claims about them.
Health stats visible at Monitor.