Last updated on 2025-02-23 15:49:55 CET.
Flavor | Version | Tinstall | Tcheck | Ttotal | Status | Flags |
---|---|---|---|---|---|---|
r-devel-linux-x86_64-debian-clang | 1.0.1 | 29.28 | 40.43 | 69.71 | NOTE | |
r-devel-linux-x86_64-debian-gcc | 1.0.1 | 18.73 | 30.65 | 49.38 | NOTE | |
r-devel-linux-x86_64-fedora-clang | 1.0.1 | 125.13 | NOTE | |||
r-devel-linux-x86_64-fedora-gcc | 1.0.1 | 113.69 | NOTE | |||
r-devel-macos-arm64 | 1.0.1 | 32.00 | NOTE | |||
r-devel-macos-x86_64 | 1.0.1 | 63.00 | NOTE | |||
r-devel-windows-x86_64 | 1.0.1 | 28.00 | 80.00 | 108.00 | NOTE | |
r-patched-linux-x86_64 | 1.0.1 | 25.75 | 37.92 | 63.67 | NOTE | |
r-release-linux-x86_64 | 1.0.1 | 26.98 | 37.70 | 64.68 | NOTE | |
r-release-macos-arm64 | 1.0.1 | 33.00 | NOTE | |||
r-release-macos-x86_64 | 1.0.1 | 44.00 | NOTE | |||
r-release-windows-x86_64 | 1.0.1 | 30.00 | 97.00 | 127.00 | NOTE | |
r-oldrel-macos-arm64 | 1.0.1 | 33.00 | OK | |||
r-oldrel-macos-x86_64 | 1.0.1 | 80.00 | OK | |||
r-oldrel-windows-x86_64 | 1.0.1 | 37.00 | 88.00 | 125.00 | OK |
Version: 1.0.1
Check: Rd files
Result: NOTE
checkRd: (-1) ReAD.Rd:19: Lost braces; missing escapes or markup?
19 | \item{pi}{An estimate of the stationary probabilities of four states {(0,0), (0,1), (1,0), (1,1)}.}
| ^
checkRd: (-1) em_hmm.Rd:22: Lost braces; missing escapes or markup?
22 | \item{pi}{An estimate of the stationary probabilities of four states {(0,0), (0,1), (1,0), (1,1)}.}
| ^
Flavors: r-devel-linux-x86_64-debian-clang, r-devel-linux-x86_64-debian-gcc, r-devel-linux-x86_64-fedora-clang, r-devel-linux-x86_64-fedora-gcc, r-devel-macos-arm64, r-devel-macos-x86_64, r-devel-windows-x86_64, r-patched-linux-x86_64, r-release-linux-x86_64, r-release-macos-arm64, r-release-macos-x86_64, r-release-windows-x86_64
These binaries (installable software) and packages are in development.
They may not be fully stable and should be used with caution. We make no claims about them.
Health stats visible at Monitor.