Last updated on 2025-02-23 15:49:55 CET.
Flavor | Version | Tinstall | Tcheck | Ttotal | Status | Flags |
---|---|---|---|---|---|---|
r-devel-linux-x86_64-debian-clang | 0.1.6 | 14.33 | 37.78 | 52.11 | NOTE | |
r-devel-linux-x86_64-debian-gcc | 0.1.6 | 10.90 | 29.95 | 40.85 | NOTE | |
r-devel-linux-x86_64-fedora-clang | 0.1.6 | 86.24 | NOTE | |||
r-devel-linux-x86_64-fedora-gcc | 0.1.6 | 96.28 | NOTE | |||
r-devel-macos-arm64 | 0.1.6 | 38.00 | OK | |||
r-devel-macos-x86_64 | 0.1.6 | 77.00 | NOTE | |||
r-devel-windows-x86_64 | 0.1.6 | 19.00 | 96.00 | 115.00 | NOTE | |
r-patched-linux-x86_64 | 0.1.6 | 12.48 | 35.64 | 48.12 | OK | |
r-release-linux-x86_64 | 0.1.6 | 14.71 | 35.61 | 50.32 | OK | |
r-release-macos-arm64 | 0.1.6 | 38.00 | OK | |||
r-release-macos-x86_64 | 0.1.6 | 57.00 | OK | |||
r-release-windows-x86_64 | 0.1.6 | 20.00 | 91.00 | 111.00 | OK | |
r-oldrel-macos-arm64 | 0.1.6 | 41.00 | OK | |||
r-oldrel-macos-x86_64 | 0.1.6 | 53.00 | OK | |||
r-oldrel-windows-x86_64 | 0.1.6 | 23.00 | 102.00 | 125.00 | OK |
Version: 0.1.6
Check: for unstated dependencies in ‘demo’
Result: NOTE
'::' or ':::' import not declared from: ‘ggplot2’
'library' or 'require' call not declared from: ‘ggplot2’
Flavors: r-devel-linux-x86_64-debian-clang, r-devel-linux-x86_64-debian-gcc
Version: 0.1.6
Check: tests
Result: NOTE
Running ‘zigguratTest.R’ [1s/1s]
Comparing ‘zigguratTest.Rout’ to ‘zigguratTest.Rout.save’ ...19c19
< -5.1850164 -0.6758794 -0.0004694 -0.0007290 0.6747338 5.4121839
---
> -5.185016 -0.675879 -0.000469 -0.000729 0.674734 5.412184
Running ‘zigguratTestAll.R’ [0s/1s]
Comparing ‘zigguratTestAll.Rout’ to ‘zigguratTestAll.Rout.save’ ... OK
Flavor: r-devel-linux-x86_64-debian-clang
Version: 0.1.6
Check: tests
Result: NOTE
Running ‘zigguratTest.R’ [0s/0s]
Comparing ‘zigguratTest.Rout’ to ‘zigguratTest.Rout.save’ ...19c19
< -5.1850164 -0.6758794 -0.0004694 -0.0007290 0.6747338 5.4121839
---
> -5.185016 -0.675879 -0.000469 -0.000729 0.674734 5.412184
Running ‘zigguratTestAll.R’ [0s/0s]
Comparing ‘zigguratTestAll.Rout’ to ‘zigguratTestAll.Rout.save’ ... OK
Flavor: r-devel-linux-x86_64-debian-gcc
Version: 0.1.6
Check: tests
Result: NOTE
Running ‘zigguratTest.R’
Comparing ‘zigguratTest.Rout’ to ‘zigguratTest.Rout.save’ ...19c19
< -5.1850164 -0.6758794 -0.0004694 -0.0007290 0.6747338 5.4121839
---
> -5.185016 -0.675879 -0.000469 -0.000729 0.674734 5.412184
Running ‘zigguratTestAll.R’
Comparing ‘zigguratTestAll.Rout’ to ‘zigguratTestAll.Rout.save’ ... OK
Flavors: r-devel-linux-x86_64-fedora-clang, r-devel-linux-x86_64-fedora-gcc
Version: 0.1.6
Check: tests
Result: NOTE
Running ‘zigguratTest.R’ [0s/1s]
Comparing ‘zigguratTest.Rout’ to ‘zigguratTest.Rout.save’ ...19c19
< -5.1850164 -0.6758794 -0.0004694 -0.0007290 0.6747338 5.4121839
---
> -5.185016 -0.675879 -0.000469 -0.000729 0.674734 5.412184
Running ‘zigguratTestAll.R’ [0s/1s]
Comparing ‘zigguratTestAll.Rout’ to ‘zigguratTestAll.Rout.save’ ... OK
Flavor: r-devel-macos-x86_64
Version: 0.1.6
Check: tests
Result: NOTE
Running 'zigguratTest.R' [1s]
Comparing 'zigguratTest.Rout' to 'zigguratTest.Rout.save' ...19c19
< -5.1850164 -0.6758794 -0.0004694 -0.0007290 0.6747338 5.4121839
---
> -5.185016 -0.675879 -0.000469 -0.000729 0.674734 5.412184
Running 'zigguratTestAll.R' [0s]
Comparing 'zigguratTestAll.Rout' to 'zigguratTestAll.Rout.save' ... OK
Flavor: r-devel-windows-x86_64
These binaries (installable software) and packages are in development.
They may not be fully stable and should be used with caution. We make no claims about them.
Health stats visible at Monitor.