CRAN Package Check Results for Package RcppTN

Last updated on 2025-05-17 11:51:22 CEST.

Flavor Version Tinstall Tcheck Ttotal Status Flags
r-devel-linux-x86_64-debian-clang 0.2-2 53.89 36.55 90.44 NOTE
r-devel-linux-x86_64-debian-gcc 0.2-2 33.26 26.80 60.06 NOTE
r-devel-linux-x86_64-fedora-clang 0.2-2 187.45 OK
r-devel-linux-x86_64-fedora-gcc 0.2-2 169.45 OK
r-devel-windows-x86_64 0.2-2 61.00 80.00 141.00 OK
r-patched-linux-x86_64 0.2-2 48.13 34.18 82.31 OK
r-release-linux-x86_64 0.2-2 47.77 33.68 81.45 OK
r-release-macos-arm64 0.2-2 42.00 OK
r-release-macos-x86_64 0.2-2 63.00 OK
r-release-windows-x86_64 0.2-2 63.00 102.00 165.00 OK
r-oldrel-macos-arm64 0.2-2 43.00 OK
r-oldrel-macos-x86_64 0.2-2 54.00 OK
r-oldrel-windows-x86_64 0.2-2 57.00 92.00 149.00 OK

Check Details

Version: 0.2-2
Check: CRAN incoming feasibility
Result: NOTE Maintainer: ‘Jonathan Olmsted <jpolmsted@gmail.com>’ Found the following URLs which should use \doi (with the DOI name only): File ‘rtn.Rd’: http://dx.doi.org/10.1007/BF00143942 Flavors: r-devel-linux-x86_64-debian-clang, r-devel-linux-x86_64-debian-gcc

These binaries (installable software) and packages are in development.
They may not be fully stable and should be used with caution. We make no claims about them.
Health stats visible at Monitor.