Last updated on 2025-02-23 13:51:22 CET.
Flavor | Version | Tinstall | Tcheck | Ttotal | Status | Flags |
---|---|---|---|---|---|---|
r-devel-linux-x86_64-debian-clang | 0.2.4 | 29.83 | 64.73 | 94.56 | OK | |
r-devel-linux-x86_64-debian-gcc | 0.2.4 | 22.08 | 46.46 | 68.54 | OK | |
r-devel-linux-x86_64-fedora-clang | 0.2.4 | 164.48 | OK | |||
r-devel-linux-x86_64-fedora-gcc | 0.2.4 | 180.91 | OK | |||
r-devel-macos-arm64 | 0.2.4 | 50.00 | OK | |||
r-devel-macos-x86_64 | 0.2.4 | 134.00 | OK | |||
r-devel-windows-x86_64 | 0.2.4 | 53.00 | 113.00 | 166.00 | OK | |
r-patched-linux-x86_64 | 0.2.4 | 32.48 | 60.55 | 93.03 | OK | |
r-release-linux-x86_64 | 0.2.4 | 30.99 | 63.28 | 94.27 | OK | |
r-release-macos-arm64 | 0.2.4 | 61.00 | NOTE | |||
r-release-macos-x86_64 | 0.2.4 | 122.00 | NOTE | |||
r-release-windows-x86_64 | 0.2.4 | 60.00 | 116.00 | 176.00 | NOTE | |
r-oldrel-macos-arm64 | 0.2.3 | 60.00 | NOTE | |||
r-oldrel-macos-x86_64 | 0.2.4 | 159.00 | NOTE | |||
r-oldrel-windows-x86_64 | 0.2.4 | 53.00 | 122.00 | 175.00 | NOTE |
Version: 0.2.4
Check: installed package size
Result: NOTE
installed size is 9.8Mb
sub-directories of 1Mb or more:
include 6.7Mb
libs 2.7Mb
Flavors: r-release-macos-arm64, r-release-macos-x86_64, r-release-windows-x86_64, r-oldrel-macos-x86_64, r-oldrel-windows-x86_64
Version: 0.2.3
Check: C++ specification
Result: NOTE
Specified C++11: please drop specification unless essential
Flavor: r-oldrel-macos-arm64
Version: 0.2.3
Check: installed package size
Result: NOTE
installed size is 9.7Mb
sub-directories of 1Mb or more:
include 6.7Mb
libs 2.6Mb
Flavor: r-oldrel-macos-arm64
These binaries (installable software) and packages are in development.
They may not be fully stable and should be used with caution. We make no claims about them.
Health stats visible at Monitor.