Last updated on 2024-05-02 08:01:54 CEST.
Flavor | Version | Tinstall | Tcheck | Ttotal | Status | Flags |
---|---|---|---|---|---|---|
r-devel-linux-x86_64-debian-clang | 1.0.12 | 69.78 | 90.46 | 160.24 | OK | |
r-devel-linux-x86_64-debian-gcc | 1.0.12 | 41.70 | 68.80 | 110.50 | OK | |
r-devel-linux-x86_64-fedora-clang | 1.0.12 | 216.50 | NOTE | |||
r-devel-linux-x86_64-fedora-gcc | 1.0.12 | 226.20 | NOTE | |||
r-devel-windows-x86_64 | 1.0.12 | 52.00 | 207.00 | 259.00 | NOTE | |
r-patched-linux-x86_64 | 1.0.12 | 65.25 | 87.69 | 152.94 | OK | |
r-release-linux-x86_64 | 1.0.12 | 64.38 | 87.48 | 151.86 | OK | |
r-release-macos-arm64 | 1.0.12 | 65.00 | NOTE | |||
r-release-windows-x86_64 | 1.0.12 | 52.00 | 209.00 | 261.00 | NOTE | |
r-oldrel-macos-arm64 | 1.0.12 | 85.00 | NOTE | |||
r-oldrel-macos-x86_64 | 1.0.12 | 204.00 | NOTE | |||
r-oldrel-windows-x86_64 | 1.0.12 | 57.00 | 199.00 | 256.00 | NOTE |
Version: 1.0.12
Check: installed package size
Result: NOTE
installed size is 10.2Mb
sub-directories of 1Mb or more:
doc 1.1Mb
include 6.4Mb
tinytest 1.0Mb
Flavors: r-devel-linux-x86_64-fedora-clang, r-devel-windows-x86_64, r-release-macos-arm64, r-release-windows-x86_64, r-oldrel-macos-arm64, r-oldrel-macos-x86_64, r-oldrel-windows-x86_64
Version: 1.0.12
Check: foreign function calls
Result: NOTE
Registration problem:
symbol ‘symbol’ in the local frame:
.Call(symbol)
See chapter ‘System and foreign language interfaces’ in the ‘Writing R
Extensions’ manual.
Flavors: r-devel-linux-x86_64-fedora-clang, r-devel-linux-x86_64-fedora-gcc
These binaries (installable software) and packages are in development.
They may not be fully stable and should be used with caution. We make no claims about them.
Health stats visible at Monitor.