Last updated on 2025-02-23 13:51:22 CET.
Flavor | Version | Tinstall | Tcheck | Ttotal | Status | Flags |
---|---|---|---|---|---|---|
r-devel-linux-x86_64-debian-clang | 0.3-6 | 2.23 | 22.58 | 24.81 | NOTE | --install=fake --no-examples --no-tests --no-vignettes |
r-devel-linux-x86_64-debian-gcc | 0.3-6 | 1.71 | 17.77 | 19.48 | NOTE | --install=fake --no-examples --no-tests --no-vignettes |
r-devel-macos-arm64 | 0.3-6 | 6.00 | OK | |||
r-devel-macos-x86_64 | 0.3-6 | 10.00 | ERROR | |||
r-patched-linux-x86_64 | 0.3-6 | 2.06 | 20.83 | 22.89 | OK | --install=fake --no-examples --no-tests --no-vignettes |
r-release-linux-x86_64 | 0.3-6 | 2.08 | 21.06 | 23.14 | OK | --install=fake --no-examples --no-tests --no-vignettes |
r-release-macos-arm64 | 0.3-6 | 12.00 | ERROR | |||
r-release-macos-x86_64 | 0.3-6 | 14.00 | ERROR | |||
r-release-windows-x86_64 | 0.3-6 | 10.00 | 6.00 | 16.00 | ERROR | |
r-oldrel-macos-arm64 | 0.3-6 | 11.00 | ERROR | |||
r-oldrel-macos-x86_64 | 0.3-6 | 14.00 | ERROR | |||
r-oldrel-windows-x86_64 | 0.3-5 | 3.00 | 7.00 | 10.00 | ERROR |
Version: 0.3-6
Flags: --install=fake --no-examples --no-tests --no-vignettes
Check: top-level files
Result: NOTE
possible bashism in configure.ac line 35 (test -a/-o):
if test [-n "$PKG_CPPFLAGS" -a -n "$PKG_LIBS"] ; then
possible bashism in configure.ac line 38 (test -a/-o):
if test [-n "$PKG_CPPFLAGS" -o -n "$PKG_LIBS"] ; then
possible bashism in configure.ac line 66 (test -a/-o):
if test [-n "$CPLEX_INCLUDE" -a -n "$CPLEX_LIB" ] ; then
possible bashism in configure.ac line 82 (test -a/-o):
if test [-n "$CPLEX_INCLUDE" -o -n "$CPLEX_LIBS" ] ; then
possible bashism in configure.ac line 89 (test -a/-o):
if test ["$FOUND_ALL" = "no" -a -z "$CPLEX_DIR"] ; then
possible bashism in configure.ac line 119 (test -a/-o):
if test [-z "$LIBFORMAT" -a ! -d "${CPLEX_DIR}/lib/${SYSTEM}/${LIBFORMAT}"] ; then
possible bashism in configure.ac line 173 (should be 'b = a'):
if test "${ac_cv_header_ilcplex_cplex_h}" == no; then
Flavors: r-devel-linux-x86_64-debian-clang, r-devel-linux-x86_64-debian-gcc
Version: 0.3-6
Check: whether package can be installed
Result: ERROR
Installation failed.
Flavors: r-devel-macos-x86_64, r-release-macos-arm64, r-release-macos-x86_64, r-release-windows-x86_64, r-oldrel-macos-arm64, r-oldrel-macos-x86_64
Version: 0.3-5
Check: whether package can be installed
Result: ERROR
Installation failed.
Flavor: r-oldrel-windows-x86_64
These binaries (installable software) and packages are in development.
They may not be fully stable and should be used with caution. We make no claims about them.
Health stats visible at Monitor.