CRAN Package Check Results for Package RcausalEGM

Last updated on 2025-05-17 17:49:30 CEST.

Flavor Version Tinstall Tcheck Ttotal Status Flags
r-devel-linux-x86_64-debian-clang 0.3.3 6.23 68.21 74.44 NOTE
r-devel-linux-x86_64-debian-gcc 0.3.3 5.33 53.85 59.18 NOTE
r-devel-linux-x86_64-fedora-clang 0.3.3 125.37 OK
r-devel-linux-x86_64-fedora-gcc 0.3.3 139.68 OK
r-devel-windows-x86_64 0.3.3 8.00 134.00 142.00 OK
r-patched-linux-x86_64 0.3.3 6.36 65.70 72.06 OK
r-release-linux-x86_64 0.3.3 7.21 66.23 73.44 OK
r-release-macos-arm64 0.3.3 56.00 OK
r-release-macos-x86_64 0.3.3 86.00 OK
r-release-windows-x86_64 0.3.3 8.00 114.00 122.00 OK
r-oldrel-macos-arm64 0.3.3 44.00 OK
r-oldrel-macos-x86_64 0.3.3 63.00 OK
r-oldrel-windows-x86_64 0.3.3 10.00 113.00 123.00 OK

Additional issues

donttest

Check Details

Version: 0.3.3
Check: CRAN incoming feasibility
Result: NOTE Maintainer: ‘Qiao Liu <liuqiao@stanford.edu>’ The Description field contains methods is given in Liu (2022) <arXiv:2212.05925>. Please refer to arXiv e-prints via their arXiv DOI <doi:10.48550/arXiv.YYMM.NNNNN>. Flavors: r-devel-linux-x86_64-debian-clang, r-devel-linux-x86_64-debian-gcc

These binaries (installable software) and packages are in development.
They may not be fully stable and should be used with caution. We make no claims about them.
Health stats visible at Monitor.