Last updated on 2025-05-15 09:52:41 CEST.
Flavor | Version | Tinstall | Tcheck | Ttotal | Status | Flags |
---|---|---|---|---|---|---|
r-devel-linux-x86_64-debian-clang | 1.0 | 2.22 | 24.29 | 26.51 | NOTE | |
r-devel-linux-x86_64-debian-gcc | 1.0 | 1.79 | 19.75 | 21.54 | NOTE | |
r-devel-linux-x86_64-fedora-clang | 1.0 | 40.30 | OK | |||
r-devel-linux-x86_64-fedora-gcc | 1.0 | 38.28 | OK | |||
r-devel-windows-x86_64 | 1.0 | 4.00 | 44.00 | 48.00 | OK | |
r-patched-linux-x86_64 | 1.0 | 2.46 | 22.31 | 24.77 | OK | |
r-release-linux-x86_64 | 1.0 | 2.13 | 22.45 | 24.58 | OK | |
r-release-macos-arm64 | 1.0 | 18.00 | OK | |||
r-release-macos-x86_64 | 1.0 | 28.00 | OK | |||
r-release-windows-x86_64 | 1.0 | 3.00 | 43.00 | 46.00 | OK | |
r-oldrel-macos-arm64 | 1.0 | 15.00 | NOTE | |||
r-oldrel-macos-x86_64 | 1.0 | 25.00 | NOTE | |||
r-oldrel-windows-x86_64 | 1.0 | 4.00 | 48.00 | 52.00 | NOTE |
Version: 1.0
Check: CRAN incoming feasibility
Result: NOTE
Maintainer: ‘Mukul Chaware <mukul.chaware13@gmail.com>’
No Authors@R field in DESCRIPTION.
Please add one, modifying
Authors@R: person(given = "Mukul",
family = "Chaware",
role = c("aut", "cre"),
email = "mukul.chaware13@gmail.com")
as necessary.
The Description field contains
'Yandex Translate' (https://translate.yandex.com/) is a statistical
https://tech.yandex.com/translate/doc/dg/concepts/About-docpage/ .
Please enclose URLs in angle brackets (<...>).
Flavors: r-devel-linux-x86_64-debian-clang, r-devel-linux-x86_64-debian-gcc
Version: 1.0
Check: LazyData
Result: NOTE
'LazyData' is specified without a 'data' directory
Flavors: r-oldrel-macos-arm64, r-oldrel-macos-x86_64, r-oldrel-windows-x86_64
These binaries (installable software) and packages are in development.
They may not be fully stable and should be used with caution. We make no claims about them.
Health stats visible at Monitor.