Last updated on 2025-10-31 15:48:52 CET.
| Flavor | Version | Tinstall | Tcheck | Ttotal | Status | Flags | 
|---|---|---|---|---|---|---|
| r-devel-linux-x86_64-debian-clang | 1.7.1.8 | 1.31 | 13.53 | 14.84 | NOTE | |
| r-devel-linux-x86_64-debian-gcc | 1.7.1.8 | 1.11 | 11.82 | 12.93 | NOTE | |
| r-devel-linux-x86_64-fedora-clang | 1.7.1.8 | 22.90 | OK | |||
| r-devel-linux-x86_64-fedora-gcc | 1.7.1.8 | 22.72 | OK | |||
| r-devel-windows-x86_64 | 1.7.1.8 | 4.00 | 31.00 | 35.00 | OK | |
| r-patched-linux-x86_64 | 1.7.1.8 | 1.37 | 12.47 | 13.84 | OK | |
| r-release-linux-x86_64 | 1.7.1.8 | 1.32 | 12.57 | 13.89 | OK | |
| r-release-macos-arm64 | 1.7.1.8 | 1.00 | 12.00 | 13.00 | OK | |
| r-release-macos-x86_64 | 1.7.1.8 | 1.00 | 19.00 | 20.00 | OK | |
| r-release-windows-x86_64 | 1.7.1.8 | 5.00 | 33.00 | 38.00 | OK | |
| r-oldrel-macos-arm64 | 1.7.1.8 | 1.00 | 15.00 | 16.00 | NOTE | |
| r-oldrel-macos-x86_64 | 1.7.1.8 | 1.00 | 17.00 | 18.00 | NOTE | |
| r-oldrel-windows-x86_64 | 1.7.1.8 | 5.00 | 38.00 | 43.00 | NOTE | 
Version: 1.7.1.8
Check: CRAN incoming feasibility
Result: NOTE
  Maintainer: ‘Charles Determan Jr <cdetermanjr@gmail.com>’
  
  No Authors@R field in DESCRIPTION.
  Please add one, modifying
    Authors@R: c(person(given = "Charles",
                        family = "Determan Jr.",
                        role = "aut"),
                 person(given = "Charles",
                        family = "Determan Jr",
                        role = "cre",
                        email = "cdetermanjr@gmail.com"))
  as necessary.
  
  Found the following (possibly) invalid file URI:
    URI: CRAN.R-project.org
      From: README.md
  
  The BugReports field in DESCRIPTION has
    http://github.com/cdeterman/RViennaCL/issues/new
  which should likely be
    http://github.com/cdeterman/RViennaCL/issues/new/issues
  instead.
Flavors: r-devel-linux-x86_64-debian-clang, r-devel-linux-x86_64-debian-gcc
Version: 1.7.1.8
Check: installed package size
Result: NOTE
    installed size is  5.2Mb
    sub-directories of 1Mb or more:
      include   5.1Mb
Flavors: r-oldrel-macos-arm64, r-oldrel-macos-x86_64, r-oldrel-windows-x86_64
Version: 1.7.1.8
Check: package dependencies
Result: NOTE
  Package suggested but not available for checking: 'gpuR'
Flavor: r-oldrel-windows-x86_64
These binaries (installable software) and packages are in development.
They may not be fully stable and should be used with caution. We make no claims about them.
Health stats visible at Monitor.