CRAN Package Check Results for Package RViennaCL

Last updated on 2025-05-17 15:50:55 CEST.

Flavor Version Tinstall Tcheck Ttotal Status Flags
r-devel-linux-x86_64-debian-clang 1.7.1.8 1.61 12.20 13.81 NOTE
r-devel-linux-x86_64-debian-gcc 1.7.1.8 1.55 10.47 12.02 NOTE
r-devel-linux-x86_64-fedora-clang 1.7.1.8 22.19 OK
r-devel-linux-x86_64-fedora-gcc 1.7.1.8 22.18 OK
r-devel-windows-x86_64 1.7.1.8 4.00 33.00 37.00 OK
r-patched-linux-x86_64 1.7.1.8 1.89 11.45 13.34 OK
r-release-linux-x86_64 1.7.1.8 1.71 11.43 13.14 OK
r-release-macos-arm64 1.7.1.8 13.00 OK
r-release-macos-x86_64 1.7.1.8 20.00 OK
r-release-windows-x86_64 1.7.1.8 3.00 36.00 39.00 OK
r-oldrel-macos-arm64 1.7.1.8 16.00 NOTE
r-oldrel-macos-x86_64 1.7.1.8 18.00 NOTE
r-oldrel-windows-x86_64 1.7.1.8 3.00 36.00 39.00 NOTE

Check Details

Version: 1.7.1.8
Check: CRAN incoming feasibility
Result: NOTE Maintainer: ‘Charles Determan Jr <cdetermanjr@gmail.com>’ No Authors@R field in DESCRIPTION. Please add one, modifying Authors@R: c(person(given = "Charles", family = "Determan Jr.", role = "aut"), person(given = "Charles", family = "Determan Jr", role = "cre", email = "cdetermanjr@gmail.com")) as necessary. Found the following (possibly) invalid file URI: URI: CRAN.R-project.org From: README.md The BugReports field in DESCRIPTION has http://github.com/cdeterman/RViennaCL/issues/new which should likely be http://github.com/cdeterman/RViennaCL/issues/new/issues instead. Flavors: r-devel-linux-x86_64-debian-clang, r-devel-linux-x86_64-debian-gcc

Version: 1.7.1.8
Check: installed package size
Result: NOTE installed size is 5.2Mb sub-directories of 1Mb or more: include 5.1Mb Flavors: r-oldrel-macos-arm64, r-oldrel-macos-x86_64, r-oldrel-windows-x86_64

Version: 1.7.1.8
Check: package dependencies
Result: NOTE Package suggested but not available for checking: 'gpuR' Flavor: r-oldrel-windows-x86_64

These binaries (installable software) and packages are in development.
They may not be fully stable and should be used with caution. We make no claims about them.
Health stats visible at Monitor.