Last updated on 2025-02-02 05:48:35 CET.
Flavor | Version | Tinstall | Tcheck | Ttotal | Status | Flags |
---|---|---|---|---|---|---|
r-devel-linux-x86_64-debian-clang | 0.9-83-7 | 18.07 | 110.44 | 128.51 | NOTE | |
r-devel-linux-x86_64-debian-gcc | 0.9-83-7 | 11.85 | 71.24 | 83.09 | NOTE | |
r-devel-linux-x86_64-fedora-clang | 0.9-83-7 | 223.08 | OK | |||
r-devel-linux-x86_64-fedora-gcc | 0.9-83-7 | 193.69 | OK | |||
r-devel-windows-x86_64 | 0.9-83-7 | 21.00 | 146.00 | 167.00 | NOTE | |
r-patched-linux-x86_64 | 0.9-83-7 | 28.70 | 102.34 | 131.04 | NOTE | |
r-release-linux-x86_64 | 0.9-83-7 | 15.05 | 105.69 | 120.74 | NOTE | |
r-release-macos-arm64 | 0.9-83-7 | 50.00 | NOTE | |||
r-release-macos-x86_64 | 0.9-83-7 | 77.00 | NOTE | |||
r-release-windows-x86_64 | 0.9-83-7 | 20.00 | 142.00 | 162.00 | NOTE | |
r-oldrel-macos-arm64 | 0.9-83-7 | 50.00 | NOTE | |||
r-oldrel-macos-x86_64 | 0.9-83-7 | 149.00 | NOTE | |||
r-oldrel-windows-x86_64 | 0.9-83-7 | 25.00 | 186.00 | 211.00 | WARN |
Version: 0.9-83-7
Check: Rd cross-references
Result: NOTE
Found the following Rd file(s) with Rd \link{} targets missing package
anchors:
GPA.test.Rd: GPA
MVA.cor.Rd: GPA
MVA.scoreplot.Rd: GPA
MVA.scores.Rd: GPA
MVA.synt.Rd: GPA
Please provide package anchors for all Rd \link{} targets not in the
package itself and the base packages.
Flavors: r-devel-linux-x86_64-debian-clang, r-devel-linux-x86_64-debian-gcc, r-devel-windows-x86_64
Version: 0.9-83-7
Check: package dependencies
Result: NOTE
Package which this enhances but not available for checking: ‘glmmADMB’
Flavors: r-patched-linux-x86_64, r-release-linux-x86_64, r-release-macos-arm64, r-release-macos-x86_64, r-release-windows-x86_64, r-oldrel-macos-arm64, r-oldrel-macos-x86_64, r-oldrel-windows-x86_64
Version: 0.9-83-7
Check: examples
Result: WARN
Found the following significant warnings:
Warning: 'adonis' is deprecated.
Warning: 'adonis' is deprecated.
Warning: 'vegan::adonis' is deprecated.
Warning: 'vegan::adonis' is deprecated.
Warning: 'vegan::adonis' is deprecated.
Warning: 'vegan::adonis' is deprecated.
Warning: 'vegan::adonis' is deprecated.
Warning: 'vegan::adonis' is deprecated.
Warning: 'vegan::adonis' is deprecated.
Warning: 'vegan::adonis' is deprecated.
Warning: 'adonis' is deprecated.
Deprecated functions may be defunct as soon as of the next release of
R.
See ?Deprecated.
Flavor: r-oldrel-windows-x86_64
These binaries (installable software) and packages are in development.
They may not be fully stable and should be used with caution. We make no claims about them.
Health stats visible at Monitor.