Last updated on 2025-05-03 22:50:08 CEST.
Flavor | Version | Tinstall | Tcheck | Ttotal | Status | Flags |
---|---|---|---|---|---|---|
r-devel-linux-x86_64-debian-clang | 0.4.33 | 3.38 | 31.83 | 35.21 | NOTE | |
r-devel-linux-x86_64-debian-gcc | 0.4.33 | 2.53 | 24.84 | 27.37 | NOTE | |
r-devel-linux-x86_64-fedora-clang | 0.4.33 | 55.44 | OK | |||
r-devel-linux-x86_64-fedora-gcc | 0.4.33 | 66.17 | OK | |||
r-devel-windows-x86_64 | 0.4.33 | 4.00 | 65.00 | 69.00 | OK | |
r-patched-linux-x86_64 | 0.4.33 | 3.80 | 30.51 | 34.31 | OK | |
r-release-linux-x86_64 | OK | |||||
r-release-macos-arm64 | 0.4.33 | 29.00 | OK | |||
r-release-macos-x86_64 | 0.4.33 | 53.00 | OK | |||
r-release-windows-x86_64 | 0.4.33 | 4.00 | 65.00 | 69.00 | OK | |
r-oldrel-macos-arm64 | 0.4.33 | 31.00 | OK | |||
r-oldrel-macos-x86_64 | 0.4.33 | 40.00 | OK | |||
r-oldrel-windows-x86_64 | 0.4.33 | 6.00 | 64.00 | 70.00 | OK |
Version: 0.4.33
Check: CRAN incoming feasibility
Result: NOTE
Maintainer: ‘Roman Zenka <zenka.roman@mayo.edu>’
No Authors@R field in DESCRIPTION.
Please add one, modifying
Authors@R: c(person(given = "Matthias",
family = "Burger",
role = "aut",
email = "burgerm@users.sourceforge.net"),
person(given = "Klaus",
family = "Juenemann",
role = "aut",
email = "k.junemann@gmx.net"),
person(given = "Thomas",
family = "Koenig",
role = "aut",
email = "thomas.koenig@epigenomics.com"),
person(given = "Roman",
family = "Zenka",
role = "cre",
email = "zenka.roman@mayo.edu"))
as necessary.
Package has help file(s) containing later-stage \Sexpr{} expressions
but no 'build/stage23.rdb' file.
Flavors: r-devel-linux-x86_64-debian-clang, r-devel-linux-x86_64-debian-gcc
These binaries (installable software) and packages are in development.
They may not be fully stable and should be used with caution. We make no claims about them.
Health stats visible at Monitor.