CRAN Package Check Results for Package RTFA

Last updated on 2025-05-15 07:49:51 CEST.

Flavor Version Tinstall Tcheck Ttotal Status Flags
r-devel-linux-x86_64-debian-clang 0.1.0 2.44 25.31 27.75 NOTE
r-devel-linux-x86_64-debian-gcc 0.1.0 1.92 20.39 22.31 NOTE
r-devel-linux-x86_64-fedora-clang 0.1.0 43.59 OK
r-devel-linux-x86_64-fedora-gcc 0.1.0 42.03 OK
r-devel-windows-x86_64 0.1.0 3.00 50.00 53.00 OK
r-patched-linux-x86_64 0.1.0 2.47 24.50 26.97 OK
r-release-linux-x86_64 0.1.0 2.24 24.41 26.65 OK
r-release-macos-arm64 0.1.0 OK
r-release-macos-x86_64 0.1.0 33.00 OK
r-release-windows-x86_64 0.1.0 5.00 51.00 56.00 OK
r-oldrel-macos-arm64 0.1.0 18.00 OK
r-oldrel-macos-x86_64 0.1.0 26.00 OK
r-oldrel-windows-x86_64 0.1.0 4.00 49.00 53.00 OK

Check Details

Version: 0.1.0
Check: CRAN incoming feasibility
Result: NOTE Maintainer: ‘Lingxiao Li <lilingxiao@mail.sdu.edu.cn>’ The Description field contains discussed in Barigozzi et al. (2022) <arXiv:2206.09800>, and Barigozzi et al. (2023) <arXiv:2303.18163>. Please refer to arXiv e-prints via their arXiv DOI <doi:10.48550/arXiv.YYMM.NNNNN>. Flavors: r-devel-linux-x86_64-debian-clang, r-devel-linux-x86_64-debian-gcc

These binaries (installable software) and packages are in development.
They may not be fully stable and should be used with caution. We make no claims about them.
Health stats visible at Monitor.