Last updated on 2024-05-02 08:01:56 CEST.
Flavor | Version | Tinstall | Tcheck | Ttotal | Status | Flags |
---|---|---|---|---|---|---|
r-devel-linux-x86_64-debian-clang | 1.0 | 4.69 | 32.04 | 36.73 | NOTE | |
r-devel-linux-x86_64-debian-gcc | 1.0 | 3.18 | 23.21 | 26.39 | NOTE | |
r-devel-linux-x86_64-fedora-clang | 1.0 | 44.37 | NOTE | |||
r-devel-linux-x86_64-fedora-gcc | 1.0 | 41.96 | NOTE | |||
r-devel-windows-x86_64 | 1.0 | 4.00 | 44.00 | 48.00 | NOTE | |
r-patched-linux-x86_64 | 1.0 | 4.67 | 30.21 | 34.88 | NOTE | |
r-release-linux-x86_64 | 1.0 | 3.38 | 29.36 | 32.74 | NOTE | |
r-release-macos-arm64 | 1.0 | 15.00 | NOTE | |||
r-release-windows-x86_64 | 1.0 | 5.00 | 44.00 | 49.00 | NOTE | |
r-oldrel-macos-arm64 | 1.0 | 20.00 | OK | |||
r-oldrel-macos-x86_64 | 1.0 | 24.00 | OK | |||
r-oldrel-windows-x86_64 | 1.0 | 5.00 | 46.00 | 51.00 | OK |
Version: 1.0
Check: Rd contents
Result: NOTE
Argument items with no description in Rd file 'RNAPlot.Rd':
‘seqTF’
Argument items with no description in Rd file 'aptPlotCT.Rd':
‘seqTF’
Flavors: r-devel-linux-x86_64-debian-clang, r-devel-linux-x86_64-debian-gcc, r-devel-linux-x86_64-fedora-clang, r-devel-linux-x86_64-fedora-gcc, r-devel-windows-x86_64, r-patched-linux-x86_64, r-release-linux-x86_64, r-release-macos-arm64, r-release-windows-x86_64
Version: 1.0
Check: for non-standard things in the check directory
Result: NOTE
Found the following files/directories:
‘test.bpl’ ‘test.cr’ ‘test.ct’
Flavors: r-devel-linux-x86_64-debian-clang, r-devel-linux-x86_64-debian-gcc, r-devel-linux-x86_64-fedora-clang, r-devel-linux-x86_64-fedora-gcc, r-patched-linux-x86_64, r-release-linux-x86_64
These binaries (installable software) and packages are in development.
They may not be fully stable and should be used with caution. We make no claims about them.
Health stats visible at Monitor.