CRAN Package Check Results for Package RPostgres

Last updated on 2025-02-23 19:51:19 CET.

Flavor Version Tinstall Tcheck Ttotal Status Flags
r-devel-linux-x86_64-debian-clang 1.4.7 55.31 53.11 108.42 NOTE
r-devel-linux-x86_64-debian-gcc 1.4.7 36.72 39.15 75.87 NOTE
r-devel-linux-x86_64-fedora-clang 1.4.7 217.92 WARN
r-devel-linux-x86_64-fedora-gcc 1.4.7 199.02 OK
r-devel-macos-arm64 1.4.7 75.00 OK
r-devel-macos-x86_64 1.4.7 144.00 OK
r-devel-windows-x86_64 1.4.7 152.00 345.00 497.00 NOTE
r-patched-linux-x86_64 1.4.7 55.38 50.62 106.00 OK
r-release-linux-x86_64 1.4.7 48.90 50.85 99.75 OK
r-release-macos-arm64 1.4.7 72.00 NOTE
r-release-macos-x86_64 1.4.7 137.00 NOTE
r-release-windows-x86_64 1.4.7 157.00 351.00 508.00 NOTE
r-oldrel-macos-arm64 1.4.7 77.00 NOTE
r-oldrel-macos-x86_64 1.4.7 134.00 NOTE
r-oldrel-windows-x86_64 1.4.7 172.00 384.00 556.00 NOTE

Additional issues

rchk

Check Details

Version: 1.4.7
Check: Rd cross-references
Result: NOTE Found the following Rd file(s) with Rd \link{} targets missing package anchors: postgres-query.Rd: dbConnect, dbGetRowsAffected postgres-tables.Rd: dbAppendTable, dbWriteTable, dbQuoteIdentifier, SQL postgresHasDefault.Rd: dbConnect postgresIsTransacting.Rd: dbBegin Please provide package anchors for all Rd \link{} targets not in the package itself and the base packages. Flavors: r-devel-linux-x86_64-debian-clang, r-devel-linux-x86_64-debian-gcc, r-devel-windows-x86_64

Version: 1.4.7
Check: whether package can be installed
Result: WARN Found the following significant warnings: /data/gannet/ripley/R/test-clang/cpp11/include/cpp11/R.hpp:52:31: warning: identifier '_xl' preceded by whitespace in a literal operator declaration is deprecated [-Wdeprecated-literal-operator] /data/gannet/ripley/R/test-clang/cpp11/include/cpp11/named_arg.hpp:42:29: warning: identifier '_nm' preceded by whitespace in a literal operator declaration is deprecated [-Wdeprecated-literal-operator] See ‘/data/gannet/ripley/R/packages/tests-clang/RPostgres.Rcheck/00install.out’ for details. * used C compiler: ‘clang version 20.1.0-rc2’ * used C++ compiler: ‘clang version 20.1.0-rc2’ Flavor: r-devel-linux-x86_64-fedora-clang

Version: 1.4.7
Check: installed package size
Result: NOTE installed size is 7.5Mb sub-directories of 1Mb or more: libs 7.0Mb Flavors: r-release-macos-arm64, r-release-macos-x86_64, r-release-windows-x86_64, r-oldrel-macos-arm64, r-oldrel-macos-x86_64, r-oldrel-windows-x86_64

These binaries (installable software) and packages are in development.
They may not be fully stable and should be used with caution. We make no claims about them.
Health stats visible at Monitor.