CRAN Package Check Results for Package RPPASPACE

Last updated on 2025-10-30 19:53:35 CET.

Flavor Version Tinstall Tcheck Ttotal Status Flags
r-devel-linux-x86_64-debian-clang 1.0.10 15.08 133.36 148.44 NOTE
r-devel-linux-x86_64-debian-gcc 1.0.10 11.88 96.72 108.60 NOTE
r-devel-linux-x86_64-fedora-clang 1.0.10 34.00 191.48 225.48 NOTE
r-devel-linux-x86_64-fedora-gcc 1.0.10 67.00 180.14 247.14 NOTE
r-devel-windows-x86_64 1.0.10 18.00 126.00 144.00 OK
r-patched-linux-x86_64 1.0.10 15.53 130.26 145.79 OK
r-release-linux-x86_64 1.0.10 16.04 128.82 144.86 OK
r-release-macos-arm64 1.0.10 7.00 66.00 73.00 OK
r-release-macos-x86_64 1.0.10 15.00 116.00 131.00 OK
r-release-windows-x86_64 1.0.10 18.00 128.00 146.00 OK
r-oldrel-macos-arm64 1.0.10 6.00 52.00 58.00 OK
r-oldrel-macos-x86_64 1.0.10 12.00 81.00 93.00 OK
r-oldrel-windows-x86_64 1.0.10 23.00 152.00 175.00 OK

Check Details

Version: 1.0.10
Check: Rd files
Result: NOTE checkRd: (-1) rs01-RPPA-class.Rd:103-115: Only 11 columns allowed in this table (row 1 has 3) checkRd: (-1) rs01-RPPA-class.Rd:103-115: Only 11 columns allowed in this table (row 2 has 4) checkRd: (-1) rs01-RPPA-class.Rd:103-115: Only 11 columns allowed in this table (row 3 has 4) checkRd: (-1) rs01-RPPA-class.Rd:103-115: Only 11 columns allowed in this table (row 4 has 4) checkRd: (-1) rs01-RPPA-class.Rd:103-115: Only 11 columns allowed in this table (row 5 has 4) checkRd: (-1) rs01-RPPA-class.Rd:103-115: Only 11 columns allowed in this table (row 6 has 4) checkRd: (-1) rs01-RPPA-class.Rd:103-115: Only 11 columns allowed in this table (row 7 has 4) checkRd: (-1) rs01-RPPA-class.Rd:103-115: Only 11 columns allowed in this table (row 8 has 4) checkRd: (-1) rs01-RPPA-class.Rd:103-115: Only 11 columns allowed in this table (row 9 has 4) checkRd: (-1) rs01-RPPA-class.Rd:103-115: Only 11 columns allowed in this table (row 10 has 4) checkRd: (-1) rs01-RPPA-class.Rd:103-115: Only 11 columns allowed in this table (row 11 has 2) checkRd: (-1) rs15-normalize.Rd:36-42: Only 3 columns allowed in this table (row 1 has 2) checkRd: (-1) rs15-normalize.Rd:36-42: Only 3 columns allowed in this table (row 2 has 2) checkRd: (-1) rs15-normalize.Rd:36-42: Only 3 columns allowed in this table (row 3 has 2) checkRd: (-1) rs15-normalize.Rd:36-42: Only 3 columns allowed in this table (row 4 has 2) checkRd: (-1) rs15-normalize.Rd:36-42: Only 3 columns allowed in this table (row 5 has 2) Flavors: r-devel-linux-x86_64-debian-clang, r-devel-linux-x86_64-debian-gcc, r-devel-linux-x86_64-fedora-clang, r-devel-linux-x86_64-fedora-gcc

Version: 1.0.10
Check: dependencies in R code
Result: NOTE Namespaces in Imports field not imported from: ‘SparseM’ ‘nlme’ All declared Imports should be used. Flavors: r-devel-linux-x86_64-fedora-clang, r-devel-linux-x86_64-fedora-gcc

These binaries (installable software) and packages are in development.
They may not be fully stable and should be used with caution. We make no claims about them.
Health stats visible at Monitor.