Last updated on 2025-02-23 15:49:56 CET.
Flavor | Version | Tinstall | Tcheck | Ttotal | Status | Flags |
---|---|---|---|---|---|---|
r-devel-linux-x86_64-debian-clang | 1.25 | 3.81 | 30.40 | 34.21 | NOTE | |
r-devel-linux-x86_64-debian-gcc | 1.25 | 2.48 | 21.98 | 24.46 | NOTE | |
r-devel-linux-x86_64-fedora-clang | 1.25 | 57.94 | NOTE | |||
r-devel-linux-x86_64-fedora-gcc | 1.25 | 52.29 | NOTE | |||
r-devel-macos-arm64 | 1.25 | 18.00 | NOTE | |||
r-devel-macos-x86_64 | 1.25 | 32.00 | NOTE | |||
r-devel-windows-x86_64 | 1.25 | 5.00 | 62.00 | 67.00 | NOTE | |
r-patched-linux-x86_64 | 1.25 | 4.40 | 28.41 | 32.81 | NOTE | |
r-release-linux-x86_64 | 1.25 | 3.47 | 28.48 | 31.95 | NOTE | |
r-release-macos-arm64 | 1.25 | 17.00 | NOTE | |||
r-release-macos-x86_64 | 1.25 | 25.00 | NOTE | |||
r-release-windows-x86_64 | 1.25 | 5.00 | 56.00 | 61.00 | NOTE | |
r-oldrel-macos-arm64 | 1.25 | 20.00 | OK | |||
r-oldrel-macos-x86_64 | 1.25 | 26.00 | OK | |||
r-oldrel-windows-x86_64 | 1.25 | 4.00 | 61.00 | 65.00 | OK |
Version: 1.25
Check: Rd files
Result: NOTE
checkRd: (-1) plotImage.blcTree.Rd:17: Lost braces
17 | \item{method}{Method to determine width of columns that represent classes: \dQuote{weight} (subject weight in class) or dQuote{binary} (depth in tree).}
| ^
checkRd: (-1) plotImage.glcTree.Rd:16: Lost braces
16 | \item{method}{Method to determine width of columns that represent classes: \dQuote{weight} (subject weight in class) or dQuote{binary} (depth in tree).}
| ^
Flavors: r-devel-linux-x86_64-debian-clang, r-devel-linux-x86_64-debian-gcc, r-devel-linux-x86_64-fedora-clang, r-devel-linux-x86_64-fedora-gcc, r-devel-macos-arm64, r-devel-macos-x86_64, r-devel-windows-x86_64, r-patched-linux-x86_64, r-release-linux-x86_64, r-release-macos-arm64, r-release-macos-x86_64, r-release-windows-x86_64
These binaries (installable software) and packages are in development.
They may not be fully stable and should be used with caution. We make no claims about them.
Health stats visible at Monitor.