Last updated on 2025-05-17 13:49:49 CEST.
Flavor | Version | Tinstall | Tcheck | Ttotal | Status | Flags |
---|---|---|---|---|---|---|
r-devel-linux-x86_64-debian-clang | 0.3.9 | 8.95 | 29.93 | 38.88 | NOTE | |
r-devel-linux-x86_64-debian-gcc | 0.3.9 | 7.28 | 23.05 | 30.33 | NOTE | |
r-devel-linux-x86_64-fedora-clang | 0.3.9 | 64.56 | OK | |||
r-devel-linux-x86_64-fedora-gcc | 0.3.9 | 61.13 | OK | |||
r-devel-windows-x86_64 | 0.3.9 | 11.00 | 53.00 | 64.00 | OK | |
r-patched-linux-x86_64 | 0.3.9 | 11.22 | 28.31 | 39.53 | OK | |
r-release-linux-x86_64 | 0.3.9 | 10.21 | 28.19 | 38.40 | OK | |
r-release-macos-arm64 | 0.3.9 | 25.00 | OK | |||
r-release-macos-x86_64 | 0.3.9 | 45.00 | OK | |||
r-release-windows-x86_64 | 0.3.9 | 11.00 | 56.00 | 67.00 | OK | |
r-oldrel-macos-arm64 | 0.3.9 | 22.00 | OK | |||
r-oldrel-macos-x86_64 | 0.3.9 | 33.00 | OK | |||
r-oldrel-windows-x86_64 | 0.3.9 | 15.00 | 59.00 | 74.00 | OK |
Version: 0.3.9
Check: CRAN incoming feasibility
Result: NOTE
Maintainer: ‘Yoann Robin <yoann.robin.k@gmail.com>’
The Description field contains
generator, see Mezzadri, F. (2007) <arXiv:math-ph/0609050>.
Please refer to arXiv e-prints via their arXiv DOI <doi:10.48550/arXiv.YYMM.NNNNN>.
Flavors: r-devel-linux-x86_64-debian-clang, r-devel-linux-x86_64-debian-gcc
These binaries (installable software) and packages are in development.
They may not be fully stable and should be used with caution. We make no claims about them.
Health stats visible at Monitor.