Last updated on 2025-02-23 19:51:18 CET.
Flavor | Version | Tinstall | Tcheck | Ttotal | Status | Flags |
---|---|---|---|---|---|---|
r-devel-linux-x86_64-debian-clang | 2.9-2 | 20.29 | 39.83 | 60.12 | NOTE | |
r-devel-linux-x86_64-debian-gcc | 2.9-2 | 13.16 | 29.34 | 42.50 | NOTE | |
r-devel-linux-x86_64-fedora-clang | 2.9-2 | 101.37 | NOTE | |||
r-devel-linux-x86_64-fedora-gcc | 2.9-2 | 93.48 | NOTE | |||
r-devel-macos-arm64 | 2.9-2 | 42.00 | NOTE | |||
r-devel-macos-x86_64 | 2.9-2 | 77.00 | NOTE | |||
r-devel-windows-x86_64 | 2.9-2 | 110.00 | 191.00 | 301.00 | NOTE | |
r-patched-linux-x86_64 | 2.9-2 | 15.29 | 35.62 | 50.91 | OK | |
r-release-linux-x86_64 | 2.9-2 | 14.93 | 35.39 | 50.32 | OK | |
r-release-macos-arm64 | 2.9-2 | 61.00 | NOTE | |||
r-release-macos-x86_64 | 2.9-2 | 73.00 | NOTE | |||
r-release-windows-x86_64 | 2.9-2 | 112.00 | 202.00 | 314.00 | NOTE | |
r-oldrel-macos-arm64 | 2.9-2 | 66.00 | NOTE | |||
r-oldrel-macos-x86_64 | 2.9-2 | 117.00 | NOTE | |||
r-oldrel-windows-x86_64 | 2.9-2 | 131.00 | 210.00 | 341.00 | NOTE |
Version: 2.9-2
Check: compiled code
Result: NOTE
File ‘RNetCDF/libs/RNetCDF.so’:
Found non-API call to R: ‘Rf_findVarInFrame3’
Compiled code should not call non-API entry points in R.
See ‘Writing portable packages’ in the ‘Writing R Extensions’ manual,
and section ‘Moving into C API compliance’ for issues with the use of
non-API entry points.
Flavors: r-devel-linux-x86_64-debian-clang, r-devel-linux-x86_64-debian-gcc, r-devel-linux-x86_64-fedora-clang, r-devel-linux-x86_64-fedora-gcc, r-devel-macos-arm64, r-devel-macos-x86_64
Version: 2.9-2
Check: compiled code
Result: NOTE
File 'RNetCDF/libs/x64/RNetCDF.dll':
Found non-API call to R: 'Rf_findVarInFrame3'
Compiled code should not call non-API entry points in R.
See 'Writing portable packages' in the 'Writing R Extensions' manual,
and section 'Moving into C API compliance' for issues with the use of
non-API entry points.
Flavor: r-devel-windows-x86_64
Version: 2.9-2
Check: package dependencies
Result: NOTE
Packages which this enhances but not available for checking:
'pbdMPI', 'Rmpi'
Flavors: r-release-macos-arm64, r-release-macos-x86_64, r-oldrel-macos-arm64, r-oldrel-macos-x86_64
Version: 2.9-2
Check: installed package size
Result: NOTE
installed size is 7.3Mb
sub-directories of 1Mb or more:
libs 7.1Mb
Flavors: r-release-macos-arm64, r-release-macos-x86_64, r-release-windows-x86_64, r-oldrel-macos-arm64, r-oldrel-macos-x86_64, r-oldrel-windows-x86_64
Version: 2.9-2
Check: Rd cross-references
Result: NOTE
Packages unavailable to check Rd xrefs: ‘pbdMPI’, ‘Rmpi’
Flavors: r-release-macos-arm64, r-release-macos-x86_64, r-oldrel-macos-arm64, r-oldrel-macos-x86_64
These binaries (installable software) and packages are in development.
They may not be fully stable and should be used with caution. We make no claims about them.
Health stats visible at Monitor.