Last updated on 2025-02-23 19:51:18 CET.
Flavor | Version | Tinstall | Tcheck | Ttotal | Status | Flags |
---|---|---|---|---|---|---|
r-devel-linux-x86_64-debian-clang | 3.0.0 | 19.31 | 130.51 | 149.82 | OK | --install=fake --no-examples --no-tests --no-vignettes |
r-devel-linux-x86_64-debian-gcc | 3.0.0 | 12.26 | 85.08 | 97.34 | OK | --install=fake --no-examples --no-tests --no-vignettes |
r-devel-linux-x86_64-fedora-clang | 3.0.0 | 265.63 | OK | |||
r-devel-linux-x86_64-fedora-gcc | 3.0.0 | 243.34 | OK | |||
r-devel-macos-arm64 | 3.0.0 | 61.00 | ERROR | |||
r-devel-macos-x86_64 | 3.0.0 | 129.00 | ERROR | |||
r-devel-windows-x86_64 | 3.0.0 | 20.00 | 171.00 | 191.00 | OK | |
r-patched-linux-x86_64 | 3.0.0 | 17.75 | 118.17 | 135.92 | OK | --install=fake --no-examples --no-tests --no-vignettes |
r-release-linux-x86_64 | 3.0.0 | 18.57 | 118.12 | 136.69 | OK | --install=fake --no-examples --no-tests --no-vignettes |
r-release-macos-arm64 | 3.0.0 | 70.00 | ERROR | |||
r-release-macos-x86_64 | 3.0.0 | 135.00 | ERROR | |||
r-release-windows-x86_64 | 3.0.0 | 22.00 | 182.00 | 204.00 | OK | |
r-oldrel-macos-arm64 | 3.0.0 | 65.00 | ERROR | |||
r-oldrel-macos-x86_64 | 3.0.0 | 226.00 | ERROR | |||
r-oldrel-windows-x86_64 | 3.0.0 | 28.00 | 199.00 | 227.00 | OK |
Version: 3.0.0
Check: whether package can be installed
Result: WARN
Found the following significant warnings:
Warning: Software mark not found in path.
Flavors: r-devel-macos-arm64, r-devel-macos-x86_64, r-release-macos-arm64, r-release-macos-x86_64, r-oldrel-macos-arm64, r-oldrel-macos-x86_64
Version: 3.0.0
Check: whether startup messages can be suppressed
Result: NOTE
Warning: Software mark not found in path.
If you have mark executable, you will need to set MarkPath object to its location (e.g. MarkPath="C:/Users/Jeff Laake/Desktop"
It looks like this package (or a package it requires) has a startup
message which cannot be suppressed: see ?packageStartupMessage.
Flavors: r-devel-macos-arm64, r-devel-macos-x86_64, r-release-macos-arm64, r-release-macos-x86_64
Version: 3.0.0
Check: examples
Result: ERROR
Running examples in ‘RMark-Ex.R’ failed
The error most likely occurred in:
> ### Name: Blackduck
> ### Title: Black duck known fate data
> ### Aliases: Blackduck
> ### Keywords: datasets
>
> ### ** Examples
>
>
> data(Blackduck)
> # Change BirdAge to numeric; starting with version 1.6.3 factor variables are
> # no longer allowed. They can work as in this example but they can be misleading
> # and fail if the levels are non-numeric. The real parameters will remain
> # unchanged but the betas will be different.
> Blackduck$BirdAge=as.numeric(Blackduck$BirdAge)-1
> run.Blackduck=function()
+ {
+ #
+ # Process data
+ #
+ bduck.processed=process.data(Blackduck,model="Known")
+ #
+ # Create default design data
+ #
+ bduck.ddl=make.design.data(bduck.processed)
+ #
+ # Add occasion specific data min < 0; I have no idea what it is
+ #
+ bduck.ddl$S$min=c(4,6,7,7,7,6,5,5)
+ #
+ # Define range of models for S
+ #
+ S.dot=list(formula=~1)
+ S.time=list(formula=~time)
+ S.min=list(formula=~min)
+ S.BirdAge=list(formula=~BirdAge)
+ #
+ # Note that in the following model in the MARK example, the covariates
+ # have been standardized. That means that the beta parameters will be different
+ # for BirdAge, Weight and their interaction but the likelihood and real parameter
+ # estimates are the same.
+ #
+ S.BirdAgexWeight.min=list(formula=~min+BirdAge*Weight)
+ S.BirdAge.Weight=list(formula=~BirdAge+Weight)
+ #
+ # Create model list and run assortment of models
+ #
+ model.list=create.model.list("Known")
+ bduck.results=mark.wrapper(model.list,data=bduck.processed,ddl=bduck.ddl,
+ invisible=FALSE,threads=1,delete=TRUE)
+
+ #
+ # Return model table and list of models
+ #
+ return(bduck.results)
+ }
> bduck.results=run.Blackduck()
S.BirdAge
sh: mark: command not found
Warning in system(paste("mark i=", inputfile, " o=", outfile, " v=", vcvfile, :
error in running command
Error in run.mark.model(model, invisible = invisible, adjust = adjust, :
Output file does not exist. Unable to find or run mark.exe
S.BirdAge.Weight
sh: mark: command not found
Warning in system(paste("mark i=", inputfile, " o=", outfile, " v=", vcvfile, :
error in running command
Error in run.mark.model(model, invisible = invisible, adjust = adjust, :
Output file does not exist. Unable to find or run mark.exe
S.BirdAgexWeight.min
sh: mark: command not found
Warning in system(paste("mark i=", inputfile, " o=", outfile, " v=", vcvfile, :
error in running command
Error in run.mark.model(model, invisible = invisible, adjust = adjust, :
Output file does not exist. Unable to find or run mark.exe
S.dot
sh: mark: command not found
Warning in system(paste("mark i=", inputfile, " o=", outfile, " v=", vcvfile, :
error in running command
Error in run.mark.model(model, invisible = invisible, adjust = adjust, :
Output file does not exist. Unable to find or run mark.exe
S.min
sh: mark: command not found
Warning in system(paste("mark i=", inputfile, " o=", outfile, " v=", vcvfile, :
error in running command
Error in run.mark.model(model, invisible = invisible, adjust = adjust, :
Output file does not exist. Unable to find or run mark.exe
S.time
sh: mark: command not found
Warning in system(paste("mark i=", inputfile, " o=", outfile, " v=", vcvfile, :
error in running command
Error in run.mark.model(model, invisible = invisible, adjust = adjust, :
Output file does not exist. Unable to find or run mark.exe
No mark models found
Error in collect.models() :
Calls: run.Blackduck -> mark.wrapper -> collect.models
Execution halted
Flavors: r-devel-macos-arm64, r-devel-macos-x86_64, r-release-macos-arm64, r-release-macos-x86_64, r-oldrel-macos-arm64, r-oldrel-macos-x86_64
Version: 3.0.0
Check: startup messages can be suppressed
Result: NOTE
Warning: Software mark not found in path.
If you have mark executable, you will need to set MarkPath object to its location (e.g. MarkPath="C:/Users/Jeff Laake/Desktop"
It looks like this package (or a package it requires) has a startup
message which cannot be suppressed: see ?packageStartupMessage.
Flavors: r-oldrel-macos-arm64, r-oldrel-macos-x86_64
These binaries (installable software) and packages are in development.
They may not be fully stable and should be used with caution. We make no claims about them.
Health stats visible at Monitor.