Last updated on 2025-02-23 15:49:56 CET.
Flavor | Version | Tinstall | Tcheck | Ttotal | Status | Flags |
---|---|---|---|---|---|---|
r-devel-linux-x86_64-debian-clang | 1.3.3 | 40.43 | 44.98 | 85.41 | OK | |
r-devel-linux-x86_64-debian-gcc | 1.3.3 | 25.84 | 33.59 | 59.43 | OK | |
r-devel-linux-x86_64-fedora-clang | 1.3.3 | 166.98 | WARN | |||
r-devel-linux-x86_64-fedora-gcc | 1.3.3 | 141.64 | OK | |||
r-devel-macos-arm64 | 1.3.3 | 52.00 | OK | |||
r-devel-macos-x86_64 | 1.3.3 | 106.00 | OK | |||
r-devel-windows-x86_64 | 1.3.3 | 95.00 | 222.00 | 317.00 | OK | |
r-patched-linux-x86_64 | 1.3.3 | 35.04 | 41.93 | 76.97 | OK | |
r-release-linux-x86_64 | 1.3.3 | 37.29 | 42.74 | 80.03 | OK | |
r-release-macos-arm64 | 1.3.3 | 43.00 | NOTE | |||
r-release-macos-x86_64 | 1.3.3 | 80.00 | NOTE | |||
r-release-windows-x86_64 | 1.3.3 | 97.00 | 215.00 | 312.00 | OK | |
r-oldrel-macos-arm64 | 1.3.3 | 44.00 | NOTE | |||
r-oldrel-macos-x86_64 | 1.3.3 | 78.00 | NOTE | |||
r-oldrel-windows-x86_64 | 1.3.3 | 112.00 | 227.00 | 339.00 | OK |
Version: 1.3.3
Check: whether package can be installed
Result: WARN
Found the following significant warnings:
/data/gannet/ripley/R/test-clang/cpp11/include/cpp11/R.hpp:52:31: warning: identifier '_xl' preceded by whitespace in a literal operator declaration is deprecated [-Wdeprecated-literal-operator]
/data/gannet/ripley/R/test-clang/cpp11/include/cpp11/named_arg.hpp:42:29: warning: identifier '_nm' preceded by whitespace in a literal operator declaration is deprecated [-Wdeprecated-literal-operator]
See ‘/data/gannet/ripley/R/packages/tests-clang/RMariaDB.Rcheck/00install.out’ for details.
* used C++ compiler: ‘clang version 20.1.0-rc2’
Flavor: r-devel-linux-x86_64-fedora-clang
Version: 1.3.3
Check: installed package size
Result: NOTE
installed size is 5.4Mb
sub-directories of 1Mb or more:
libs 4.9Mb
Flavors: r-release-macos-arm64, r-release-macos-x86_64, r-oldrel-macos-arm64, r-oldrel-macos-x86_64
These binaries (installable software) and packages are in development.
They may not be fully stable and should be used with caution. We make no claims about them.
Health stats visible at Monitor.