Last updated on 2025-10-30 19:53:34 CET.
| Flavor | Version | Tinstall | Tcheck | Ttotal | Status | Flags | 
|---|---|---|---|---|---|---|
| r-devel-linux-x86_64-debian-clang | 0.3.1 | 1.96 | 22.86 | 24.82 | NOTE | |
| r-devel-linux-x86_64-debian-gcc | 0.3.1 | 1.57 | 19.41 | 20.98 | NOTE | |
| r-devel-linux-x86_64-fedora-clang | 0.3.1 | 34.84 | OK | |||
| r-devel-linux-x86_64-fedora-gcc | 0.3.1 | 34.07 | OK | |||
| r-devel-windows-x86_64 | 0.3.1 | 3.00 | 38.00 | 41.00 | OK | |
| r-patched-linux-x86_64 | 0.3.1 | 2.24 | 20.57 | 22.81 | OK | |
| r-release-linux-x86_64 | 0.3.1 | 1.96 | 20.90 | 22.86 | OK | |
| r-release-macos-arm64 | 0.3.1 | 2.00 | 15.00 | 17.00 | OK | |
| r-release-macos-x86_64 | 0.3.1 | 2.00 | 22.00 | 24.00 | OK | |
| r-release-windows-x86_64 | 0.3.1 | 4.00 | 38.00 | 42.00 | OK | |
| r-oldrel-macos-arm64 | 0.3.1 | 1.00 | 14.00 | 15.00 | OK | |
| r-oldrel-macos-x86_64 | 0.3.1 | 2.00 | 20.00 | 22.00 | OK | |
| r-oldrel-windows-x86_64 | 0.3.1 | 3.00 | 39.00 | 42.00 | OK | 
Version: 0.3.1
Check: CRAN incoming feasibility
Result: NOTE
  Maintainer: ‘Evan Biederstedt <evan.biederstedt@gmail.com>’
  
  No Authors@R field in DESCRIPTION.
  Please add one, modifying
    Authors@R: c(person(given = c("Iain", "M."),
                        family = "Johnstone",
                        role = "aut"),
                 person(given = "Zongming",
                        family = "Ma",
                        role = "aut"),
                 person(given = c("Patrick", "O."),
                        family = "Perry",
                        role = "aut"),
                 person(given = "Morteza",
                        family = "Shahram",
                        role = "aut"),
                 person(given = "Evan",
                        family = "Biederstedt",
                        role = c("aut", "cre"),
                        email = "evan.biederstedt@gmail.com"))
  as necessary.
  
  Package CITATION file contains call(s) to old-style personList() or
  as.personList().  Please use c() on person objects instead.
  Package CITATION file contains call(s) to old-style citEntry().  Please
  use bibentry() instead.
  
  The BugReports field in DESCRIPTION has
    https://github.com/evanbiederstedt/RMTstat
  which should likely be
    https://github.com/evanbiederstedt/RMTstat/issues
  instead.
Flavors: r-devel-linux-x86_64-debian-clang, r-devel-linux-x86_64-debian-gcc
These binaries (installable software) and packages are in development.
They may not be fully stable and should be used with caution. We make no claims about them.
Health stats visible at Monitor.