CRAN Package Check Results for Package RMTL

Last updated on 2025-10-09 20:04:19 CEST.

Flavor Version Tinstall Tcheck Ttotal Status Flags
r-devel-linux-x86_64-debian-clang 0.9.9 3.94 51.76 55.70 NOTE
r-devel-linux-x86_64-debian-gcc 0.9.9 2.68 37.73 40.41 NOTE
r-devel-linux-x86_64-fedora-clang 0.9.9 84.32 NOTE
r-devel-linux-x86_64-fedora-gcc 0.9.9 106.39 NOTE
r-devel-windows-x86_64 0.9.9 5.00 62.00 67.00 NOTE
r-patched-linux-x86_64 0.9.9 2.91 47.57 50.48 NOTE
r-release-linux-x86_64 0.9.9 3.62 48.18 51.80 NOTE
r-release-macos-arm64 0.9.9 42.00 NOTE
r-release-macos-x86_64 0.9.9 61.00 NOTE
r-release-windows-x86_64 0.9.9 5.00 62.00 67.00 NOTE
r-oldrel-macos-arm64 0.9.9 32.00 NOTE
r-oldrel-macos-x86_64 0.9.9 55.00 NOTE
r-oldrel-windows-x86_64 0.9.9 7.00 67.00 74.00 ERROR

Check Details

Version: 0.9.9
Check: package subdirectories
Result: NOTE Problems with news in ‘NEWS.md’: No news entries found. Flavors: r-devel-linux-x86_64-debian-clang, r-devel-linux-x86_64-debian-gcc, r-devel-linux-x86_64-fedora-clang, r-devel-linux-x86_64-fedora-gcc, r-devel-windows-x86_64, r-patched-linux-x86_64, r-release-linux-x86_64, r-release-macos-arm64, r-release-macos-x86_64, r-release-windows-x86_64, r-oldrel-macos-arm64, r-oldrel-macos-x86_64, r-oldrel-windows-x86_64

Version: 0.9.9
Check: re-building of vignette outputs
Result: ERROR Error(s) in re-building vignettes: --- re-building 'rmtl.Rmd' using rmarkdown Quitting from rmtl.Rmd:97-108 [unnamed-chunk-4] ~~~~~~~~~~~~~~~~~~~~~~~~~~~~~~~~~~~~~~~~~~~~~~~~~~~~~~~~~~~~~~~~~~~~~~~~~~~~~~~~ <error/rlang_error> Error in `serverSocket()`: ! creation of server socket failed: port 11971 cannot be opened --- Backtrace: ▆ 1. └─RMTL::cvMTL(...) 2. └─doParallel::registerDoParallel(ncores) 3. └─parallel::makeCluster(cl) 4. └─parallel::makePSOCKcluster(names = spec, ...) 5. └─base::serverSocket(port = port) ~~~~~~~~~~~~~~~~~~~~~~~~~~~~~~~~~~~~~~~~~~~~~~~~~~~~~~~~~~~~~~~~~~~~~~~~~~~~~~~~ Error: processing vignette 'rmtl.Rmd' failed with diagnostics: creation of server socket failed: port 11971 cannot be opened --- failed re-building 'rmtl.Rmd' SUMMARY: processing the following file failed: 'rmtl.Rmd' Error: Vignette re-building failed. Execution halted Flavor: r-oldrel-windows-x86_64

These binaries (installable software) and packages are in development.
They may not be fully stable and should be used with caution. We make no claims about them.
Health stats visible at Monitor.