CRAN Package Check Results for Package RM.weights

Last updated on 2025-05-15 07:49:50 CEST.

Flavor Version Tinstall Tcheck Ttotal Status Flags
r-devel-linux-x86_64-debian-clang 2.0 10.55 86.99 97.54 NOTE
r-devel-linux-x86_64-debian-gcc 2.0 8.02 56.94 64.96 NOTE
r-devel-linux-x86_64-fedora-clang 2.0 155.27 OK
r-devel-linux-x86_64-fedora-gcc 2.0 147.61 OK
r-devel-windows-x86_64 2.0 12.00 95.00 107.00 OK
r-patched-linux-x86_64 2.0 9.23 78.95 88.18 OK
r-release-linux-x86_64 2.0 10.04 79.52 89.56 OK
r-release-macos-arm64 2.0 OK
r-release-macos-x86_64 2.0 74.00 OK
r-release-windows-x86_64 2.0 13.00 96.00 109.00 OK
r-oldrel-macos-arm64 2.0 36.00 OK
r-oldrel-macos-x86_64 2.0 61.00 OK
r-oldrel-windows-x86_64 2.0 16.00 118.00 134.00 OK

Check Details

Version: 2.0
Check: CRAN incoming feasibility
Result: NOTE Maintainer: ‘Sara Viviani <sara.viviani@yahoo.it>’ No Authors@R field in DESCRIPTION. Please add one, modifying Authors@R: c(person(given = "Carlo", family = "Cafiero", role = "aut"), person(given = "Sara", family = "Viviani", role = c("aut", "cre"), email = "sara.viviani@yahoo.it"), person(given = "Mark", family = "Nord", role = "aut")) as necessary. Found the following \keyword or \concept entries which likely give several index terms: File ‘RM.weights-package.Rd’: \keyword{ Conditional maximum likelihood, Rasch mo [TRUNCATED] Flavors: r-devel-linux-x86_64-debian-clang, r-devel-linux-x86_64-debian-gcc

These binaries (installable software) and packages are in development.
They may not be fully stable and should be used with caution. We make no claims about them.
Health stats visible at Monitor.