Last updated on 2025-02-23 19:51:18 CET.
Flavor | Version | Tinstall | Tcheck | Ttotal | Status | Flags |
---|---|---|---|---|---|---|
r-devel-linux-x86_64-debian-clang | 1.7 | 11.45 | 78.66 | 90.11 | NOTE | |
r-devel-linux-x86_64-debian-gcc | 1.7 | 6.68 | 53.72 | 60.40 | NOTE | |
r-devel-linux-x86_64-fedora-clang | 1.7 | 149.15 | NOTE | |||
r-devel-linux-x86_64-fedora-gcc | 1.7 | 133.38 | NOTE | |||
r-devel-macos-arm64 | 1.7 | 39.00 | NOTE | |||
r-devel-macos-x86_64 | 1.7 | 71.00 | NOTE | |||
r-devel-windows-x86_64 | 1.7 | 11.00 | 90.00 | 101.00 | NOTE | |
r-patched-linux-x86_64 | 1.7 | 13.30 | 70.46 | 83.76 | NOTE | |
r-release-linux-x86_64 | 1.7 | 10.21 | 72.00 | 82.21 | NOTE | |
r-release-macos-arm64 | 1.7 | 39.00 | NOTE | |||
r-release-macos-x86_64 | 1.7 | 69.00 | NOTE | |||
r-release-windows-x86_64 | 1.7 | 10.00 | 90.00 | 100.00 | NOTE | |
r-oldrel-macos-arm64 | 1.7 | 40.00 | OK | |||
r-oldrel-macos-x86_64 | 1.7 | 61.00 | OK | |||
r-oldrel-windows-x86_64 | 1.7 | 16.00 | 111.00 | 127.00 | OK |
Version: 1.7
Check: Rd files
Result: NOTE
checkRd: (-1) reachRouting.Rd:15: Lost braces
15 | \item{inflow}{a vector of runoff (cms) presenting a runoff event generated by excess rainfall computed by \code{loss} methods or an object inherited from any of the following classes :{\code{transform} ; \code{reachRouting} ; \code{reservoirRouting}}.}
| ^
checkRd: (-1) reachRouting.base.Rd:14: Lost braces
14 | \item{inflow}{a vector of runoff (cms) or an object inherited from any of the following classes :{\code{transform} ; \code{reachRouting} ; \code{reservoirRouting}}.}
| ^
checkRd: (-1) reachRouting.default.Rd:21: Lost braces
21 | \item{inflow}{a vector of runoff (cms) or an object inherited from any of the following classes :{\code{transform} ; \code{reachRouting} ; \code{reservoirRouting}}.}
| ^
checkRd: (-1) reservoirRouting.Rd:13: Lost braces
13 | \item{inflow}{a vector of in (cms) presenting a runoff event generated by excess rainfall computed by \code{loss} methods or an object inherited from any of the following classes :{\code{transform} ; \code{reachRouting} ; \code{reservoirRouting}}.}
| ^
checkRd: (-1) reservoirRouting.base.Rd:13: Lost braces
13 | \item{inflow}{a vector of in (cms) presenting a runoff event generated by excess rainfall computed by \code{loss} methods or an object inherited from any of the following classes :{\code{transform} ; \code{reachRouting} ; \code{reservoirRouting}}.}
| ^
checkRd: (-1) reservoirRouting.default.Rd:18: Lost braces
18 | \item{inflow}{a vector of in (cms) presenting a runoff event generated by excess rainfall computed by \code{loss} methods or an object inherited from any of the following classes :{\code{transform} ; \code{reachRouting} ; \code{reservoirRouting}}.}
| ^
Flavors: r-devel-linux-x86_64-debian-clang, r-devel-linux-x86_64-debian-gcc, r-devel-linux-x86_64-fedora-clang, r-devel-linux-x86_64-fedora-gcc, r-devel-macos-arm64, r-devel-macos-x86_64, r-devel-windows-x86_64, r-patched-linux-x86_64, r-release-linux-x86_64, r-release-macos-arm64, r-release-macos-x86_64, r-release-windows-x86_64
These binaries (installable software) and packages are in development.
They may not be fully stable and should be used with caution. We make no claims about them.
Health stats visible at Monitor.