Last updated on 2025-10-30 17:50:10 CET.
| Flavor | Version | Tinstall | Tcheck | Ttotal | Status | Flags |
|---|---|---|---|---|---|---|
| r-devel-linux-x86_64-debian-clang | 0.1.1 | 14.06 | 70.83 | 84.89 | OK | |
| r-devel-linux-x86_64-debian-gcc | 0.1.1 | 10.01 | 54.06 | 64.07 | OK | |
| r-devel-linux-x86_64-fedora-clang | 0.1.1 | 33.00 | 98.88 | 131.88 | OK | |
| r-devel-linux-x86_64-fedora-gcc | 0.1.1 | 29.00 | 97.04 | 126.04 | OK | |
| r-devel-windows-x86_64 | 0.1.1 | 10.00 | 58.00 | 68.00 | OK | |
| r-patched-linux-x86_64 | 0.1.1 | 13.24 | 67.11 | 80.35 | OK | |
| r-release-linux-x86_64 | 0.1.1 | 13.00 | 66.90 | 79.90 | OK | |
| r-release-macos-arm64 | 0.1.1 | 4.00 | 23.00 | 27.00 | OK | |
| r-release-macos-x86_64 | 0.1.1 | 5.00 | 35.00 | 40.00 | OK | |
| r-release-windows-x86_64 | 0.1.1 | 13.00 | 72.00 | 85.00 | WARN | |
| r-oldrel-macos-arm64 | 0.1.1 | 3.00 | 18.00 | 21.00 | OK | |
| r-oldrel-macos-x86_64 | 0.1.1 | 4.00 | 27.00 | 31.00 | OK | |
| r-oldrel-windows-x86_64 | 0.1.1 | 16.00 | 83.00 | 99.00 | WARN |
Version: 0.1.1
Check: whether package can be installed
Result: WARN
Found the following significant warnings:
Warning: Torch libraries are installed but loading them caused a segfault.
Flavors: r-release-windows-x86_64, r-oldrel-windows-x86_64
Version: 0.1.1
Check: dependencies in R code
Result: NOTE
Warning: Torch libraries are installed but loading them caused a segfault.
Please reinstall torch with `install_torch(reinstall = TRUE)`
You can disable this check by setting `TORCH_VERIFY_LOAD` to "FALSE"
! callr subprocess failed: could not start R, exited with non-zero status, has
crashed or was killed
Flavors: r-release-windows-x86_64, r-oldrel-windows-x86_64
Version: 0.1.1
Check: S3 generic/method consistency
Result: WARN
Warning: Torch libraries are installed but loading them caused a segfault.
Please reinstall torch with `install_torch(reinstall = TRUE)`
You can disable this check by setting `TORCH_VERIFY_LOAD` to "FALSE"
! callr subprocess failed: could not start R, exited with non-zero status, has
crashed or was killed
See section 'Generic functions and methods' in the 'Writing R
Extensions' manual.
Flavors: r-release-windows-x86_64, r-oldrel-windows-x86_64
Version: 0.1.1
Check: foreign function calls
Result: NOTE
Warning: Torch libraries are installed but loading them caused a segfault.
Please reinstall torch with `install_torch(reinstall = TRUE)`
You can disable this check by setting `TORCH_VERIFY_LOAD` to "FALSE"
! callr subprocess failed: could not start R, exited with non-zero status, has
crashed or was killed
See chapter 'System and foreign language interfaces' in the 'Writing R
Extensions' manual.
Flavors: r-release-windows-x86_64, r-oldrel-windows-x86_64
Version: 0.1.1
Check: R code for possible problems
Result: NOTE
Warning: Torch libraries are installed but loading them caused a segfault.
Please reinstall torch with `install_torch(reinstall = TRUE)`
You can disable this check by setting `TORCH_VERIFY_LOAD` to "FALSE"
! callr subprocess failed: could not start R, exited with non-zero status, has
crashed or was killed
Flavors: r-release-windows-x86_64, r-oldrel-windows-x86_64
Version: 0.1.1
Check: for code/documentation mismatches
Result: WARN
Warning: Torch libraries are installed but loading them caused a segfault.
Please reinstall torch with `install_torch(reinstall = TRUE)`
You can disable this check by setting `TORCH_VERIFY_LOAD` to "FALSE"
! callr subprocess failed: could not start R, exited with non-zero status, has
crashed or was killed
Flavors: r-release-windows-x86_64, r-oldrel-windows-x86_64
Version: 0.1.1
Check: Rd \usage sections
Result: NOTE
Warning: Torch libraries are installed but loading them caused a segfault.
Please reinstall torch with `install_torch(reinstall = TRUE)`
You can disable this check by setting `TORCH_VERIFY_LOAD` to "FALSE"
! callr subprocess failed: could not start R, exited with non-zero status, has
crashed or was killed
The \usage entries for S3 methods should use the \method markup and not
their full name.
See chapter 'Writing R documentation files' in the 'Writing R
Extensions' manual.
Flavors: r-release-windows-x86_64, r-oldrel-windows-x86_64
These binaries (installable software) and packages are in development.
They may not be fully stable and should be used with caution. We make no claims about them.
Health stats visible at Monitor.