CRAN Package Check Results for Package RFclust

Last updated on 2025-05-03 22:50:06 CEST.

Flavor Version Tinstall Tcheck Ttotal Status Flags
r-devel-linux-x86_64-debian-clang 0.1.2 1.06 19.92 20.98 NOTE
r-devel-linux-x86_64-debian-gcc 0.1.2 1.50 16.61 18.11 NOTE
r-devel-linux-x86_64-fedora-clang 0.1.2 34.82 OK
r-devel-linux-x86_64-fedora-gcc 0.1.2 31.04 OK
r-devel-windows-x86_64 0.1.2 3.00 47.00 50.00 OK
r-patched-linux-x86_64 0.1.2 1.76 19.12 20.88 OK
r-release-linux-x86_64 OK
r-release-macos-arm64 0.1.2 21.00 OK
r-release-macos-x86_64 0.1.2 26.00 OK
r-release-windows-x86_64 0.1.2 2.00 42.00 44.00 OK
r-oldrel-macos-arm64 0.1.2 15.00 OK
r-oldrel-macos-x86_64 0.1.2 22.00 OK
r-oldrel-windows-x86_64 0.1.2 3.00 45.00 48.00 OK

Check Details

Version: 0.1.2
Check: CRAN incoming feasibility
Result: NOTE Maintainer: ‘Ankur Chakravarthy <ankur.chakravarthy.10@ucl.ac.uk>’ No Authors@R field in DESCRIPTION. Please add one, modifying Authors@R: c(person(given = "Ankur", family = "Chakravarthy", role = c("aut", "cre"), email = "ankur.chakravarthy.10@ucl.ac.uk"), person(family = "PhD", role = "aut")) as necessary. Flavors: r-devel-linux-x86_64-debian-clang, r-devel-linux-x86_64-debian-gcc

These binaries (installable software) and packages are in development.
They may not be fully stable and should be used with caution. We make no claims about them.
Health stats visible at Monitor.