Last updated on 2025-02-23 19:51:18 CET.
Flavor | Version | Tinstall | Tcheck | Ttotal | Status | Flags |
---|---|---|---|---|---|---|
r-devel-linux-x86_64-debian-clang | 3.4-10 | 12.23 | 99.34 | 111.57 | NOTE | |
r-devel-linux-x86_64-debian-gcc | 3.4-10 | 8.68 | 66.10 | 74.78 | NOTE | |
r-devel-linux-x86_64-fedora-clang | 3.4-10 | 193.88 | NOTE | |||
r-devel-linux-x86_64-fedora-gcc | 3.4-10 | 174.49 | NOTE | |||
r-devel-macos-arm64 | 3.4-10 | 45.00 | NOTE | |||
r-devel-macos-x86_64 | 3.4-10 | 113.00 | NOTE | |||
r-devel-windows-x86_64 | 3.4-10 | 15.00 | 133.00 | 148.00 | NOTE | |
r-patched-linux-x86_64 | 3.4-10 | 14.71 | 91.92 | 106.63 | NOTE | |
r-release-linux-x86_64 | 3.4-10 | 11.26 | 91.25 | 102.51 | NOTE | |
r-release-macos-arm64 | 3.4-10 | 46.00 | NOTE | |||
r-release-macos-x86_64 | 3.4-10 | 70.00 | NOTE | |||
r-release-windows-x86_64 | 3.4-10 | 16.00 | 128.00 | 144.00 | NOTE | |
r-oldrel-macos-arm64 | 3.4-10 | 55.00 | OK | |||
r-oldrel-macos-x86_64 | 3.4-10 | 103.00 | OK | |||
r-oldrel-windows-x86_64 | 3.4-10 | 19.00 | 156.00 | 175.00 | OK |
Version: 3.4-10
Check: Rd files
Result: NOTE
checkRd: (-1) PKAM.Rd:19: Lost braces
19 | item{Paz}{P-axis azimuth angle}
| ^
checkRd: (-1) PKAM.Rd:19: Lost braces
19 | item{Paz}{P-axis azimuth angle}
| ^
checkRd: (-1) PKAM.Rd:20: Lost braces
20 | item{Pdip}{P-axis dip angle}
| ^
checkRd: (-1) PKAM.Rd:20: Lost braces
20 | item{Pdip}{P-axis dip angle}
| ^
checkRd: (-1) PKAM.Rd:21: Lost braces
21 | item{Taz}{T-axis azimuth angle}
| ^
checkRd: (-1) PKAM.Rd:21: Lost braces
21 | item{Taz}{T-axis azimuth angle}
| ^
checkRd: (-1) PKAM.Rd:22: Lost braces
22 | item{Tdip}{T-axis dip angle}
| ^
checkRd: (-1) PKAM.Rd:22: Lost braces
22 | item{Tdip}{T-axis dip angle}
| ^
checkRd: (-1) PKAM.Rd:23: Lost braces
23 | item{h}{horizontal point to plot on ternary plot }
| ^
checkRd: (-1) PKAM.Rd:23: Lost braces
23 | item{h}{horizontal point to plot on ternary plot }
| ^
checkRd: (-1) PKAM.Rd:24: Lost braces
24 | item{v}{vertical point to plot on ternary plot }
| ^
checkRd: (-1) PKAM.Rd:24: Lost braces
24 | item{v}{vertical point to plot on ternary plot }
| ^
checkRd: (-1) PKAM.Rd:25: Lost braces
25 | item{fcols}{colors, not used}
| ^
checkRd: (-1) PKAM.Rd:25: Lost braces
25 | item{fcols}{colors, not used}
| ^
checkRd: (-1) PKAM.Rd:26: Lost braces
26 | item{LATS}{Latitude}
| ^
checkRd: (-1) PKAM.Rd:26: Lost braces
26 | item{LATS}{Latitude}
| ^
checkRd: (-1) PKAM.Rd:27: Lost braces
27 | item{LONS}{Longitude}
| ^
checkRd: (-1) PKAM.Rd:27: Lost braces
27 | item{LONS}{Longitude}
| ^
checkRd: (-1) PKAM.Rd:28: Lost braces
28 | item{IFcol}{integer pointer to internal color}
| ^
checkRd: (-1) PKAM.Rd:28: Lost braces
28 | item{IFcol}{integer pointer to internal color}
| ^
checkRd: (-1) PKAM.Rd:29: Lost braces
29 | item{yr}{year, not used}
| ^
checkRd: (-1) PKAM.Rd:29: Lost braces
29 | item{yr}{year, not used}
| ^
checkRd: (-1) PKAM.Rd:30: Lost braces
30 | item{JDHM}{Julian Day, hour, minute, not used}
| ^
checkRd: (-1) PKAM.Rd:30: Lost braces
30 | item{JDHM}{Julian Day, hour, minute, not used}
| ^
checkRd: (-1) PKAM.Rd:31: Lost braces
31 | item{JDHMS}{Julian Day, hour, minute, seconds}
| ^
checkRd: (-1) PKAM.Rd:31: Lost braces
31 | item{JDHMS}{Julian Day, hour, minute, seconds}
| ^
Flavors: r-devel-linux-x86_64-debian-clang, r-devel-linux-x86_64-debian-gcc, r-devel-linux-x86_64-fedora-clang, r-devel-linux-x86_64-fedora-gcc, r-devel-macos-arm64, r-devel-macos-x86_64, r-devel-windows-x86_64, r-patched-linux-x86_64, r-release-linux-x86_64, r-release-macos-arm64, r-release-macos-x86_64, r-release-windows-x86_64
Version: 3.4-10
Check: for unstated dependencies in ‘demo’
Result: NOTE
'library' or 'require' calls not declared from:
‘rpanel’ ‘tkrplot’
Flavors: r-devel-linux-x86_64-debian-clang, r-devel-linux-x86_64-debian-gcc
These binaries (installable software) and packages are in development.
They may not be fully stable and should be used with caution. We make no claims about them.
Health stats visible at Monitor.